{"id":6120,"date":"2020-11-06T05:45:23","date_gmt":"2020-11-06T05:45:23","guid":{"rendered":"https:\/\/skygreen.com.mx\/?page_id=6120"},"modified":"2020-11-06T05:45:23","modified_gmt":"2020-11-06T05:45:23","slug":"terminos-y-condiciones","status":"publish","type":"page","link":"https:\/\/skygreen.com.mx\/?page_id=6120","title":{"rendered":"T\u00e9rminos y Condiciones"},"content":{"rendered":"<p>[vc_row css=\u00bb.vc_custom_1604639820365{padding-top: 60px !important;padding-bottom: 60px !important;}\u00bb][vc_column offset=\u00bbvc_col-lg-offset-1 vc_col-lg-10 vc_col-md-offset-1 vc_col-md-10 vc_col-sm-offset-0 vc_col-xs-12&#8243;][vc_column_text el_id=\u00bbprivacy\u00bb]T\u00c9RMINOS DE SERVICIO<br \/>\n&#8212;&#8211;<br \/>\nVISI\u00d3N DE CONJUNTO<\/p>\n<p>Este sitio web es operado por Sky Green a lo largo del sitio, los t\u00e9rminos \u201cnosotros\u00bb y \u00abnuestro\u00bb se refieren al sitio y a la tienda Sky Green. Tienda ofrece este sitio web, incluyendo toda la informaci\u00f3n, herramientas y servicios disponibles a trav\u00e9s del sitio para usted, el usuario, condicionando su aceptaci\u00f3n de todos los t\u00e9rminos, condiciones, pol\u00edticas y avisos aqu\u00ed establecidos.<\/p>\n<p>Al visitar nuestro sitio y\/o comprar algo de nosotros, usted participa en nuestro \u00abServicio\u00bb y acepta estar sujeto a los siguientes t\u00e9rminos y condiciones (\u00abT\u00e9rminos de Servicio\u00bb, \u00abT\u00e9rminos\u00bb), incluidos los t\u00e9rminos y condiciones adicionales y las pol\u00edticas referenciadas aqu\u00ed y\/o disponible por hiperv\u00ednculo.Estos T\u00e9rminos de servicio se aplican a todos los usuarios del sitio, incluidos, sin limitaci\u00f3n, a los usuarios que son navegadores, vendedores, clientes, comerciantes y\/o contribuidores de contenido.<\/p>\n<p>Por favor, lea atentamente estos T\u00e9rminos de Servicio antes de usar nuestro sitio web. Al acceder o utilizar cualquier parte del sitio, usted acepta estar sujeto a estos T\u00e9rminos de Servicio. Si no est\u00e1 de acuerdo con todos los t\u00e9rminos y condiciones de este acuerdo, entonces no podr\u00e1 acceder al sitio web ni utilizar ning\u00fan servicio.<\/p>\n<p>Las nuevas caracter\u00edsticas o herramientas que se agreguen a la tienda actual, tambi\u00e9n estar\u00e1n sujetas a los T\u00e9rminos de servicio. Puede revisar la versi\u00f3n actual de las Condiciones del servicio en cualquier momento en esta p\u00e1gina. Nos reservamos el derecho de actualizar, cambiar o reemplazar cualquier parte de estas Condiciones de servicio mediante la publicaci\u00f3n de actualizaciones y\/o cambios en nuestro sitio web. Es su responsabilidad revisar esta p\u00e1gina peri\u00f3dicamente para ver si hay cambios. Su uso acceso al sitio web despu\u00e9s de la publicaci\u00f3n de cualquier cambio significa la aceptaci\u00f3n de dichos cambios.<\/p>\n<p>SECCI\u00d3N 1 &#8211; T\u00e9rminos de la tienda Online<\/p>\n<p>Al aceptar estas Condiciones del servicio, usted declara que tiene por lo menos la mayor\u00eda de edad en la Rep\u00fablica Mexicana y ha dado su consentimiento para permitir cualquiera de sus dependientes menores para usar este sitio. Usted no puede usar nuestros productos para ning\u00fan prop\u00f3sito ilegal o no autorizado, ni puede, en el uso del Servicio, violar cualquier ley en su jurisdicci\u00f3n (incluyendo pero no limitado a las leyes de derechos de autor). Una infracci\u00f3n o violaci\u00f3n de cualquiera de los T\u00e9rminos resultar\u00e1 en la terminaci\u00f3n inmediata de sus Servicios.<\/p>\n<p>SECCI\u00d3N 2 &#8211; Condiciones Generales<\/p>\n<p>Nos reservamos el derecho de rechazar el servicio a cualquier persona en cualquier momento. Usted entiende que su contenido (sin incluir informaci\u00f3n de tarjeta de cr\u00e9dito), puede ser transferido sin cifrar e implica (a) transmisiones a trav\u00e9s de varias redes; y (b) cambios para adaptarse y adaptarse a los requisitos t\u00e9cnicos de conexi\u00f3n de redes o dispositivos. La informaci\u00f3n de la tarjeta de cr\u00e9dito siempre se cifra durante la transferencia a trav\u00e9s de redes. Usted se compromete a no reproducir, duplicar, copiar, vender, revender o explotar ninguna porci\u00f3n del Servicio, uso del Servicio, o acceso al Servicio o cualquier contacto en el sitio web a trav\u00e9s del cual se presta el servicio, sin expresar. Los encabezados utilizados en este acuerdo se incluyen s\u00f3lo por conveniencia y no limitar\u00e1n ni afectar\u00e1n de ninguna otra manera estos T\u00e9rminos.<\/p>\n<p>SECCI\u00d3N 3 &#8211; Exactitud de la informaci\u00f3n<\/p>\n<p>No nos hacemos responsables de la informaci\u00f3n disponible en este sitio, de no ser exacta, completa o actual. El material de este sitio se proporciona \u00fanicamente para informaci\u00f3n general y no debe ser utilizado como base \u00fanica para tomar decisiones, sin consultar fuentes de informaci\u00f3n primarias, m\u00e1s precisas, m\u00e1s completas o m\u00e1s oportunas. Cualquier confianza en el material de este sitio es bajo su propio riesgo. Este sitio puede contener informaci\u00f3n hist\u00f3rica. La informaci\u00f3n hist\u00f3rica, necesariamente, no es actual y es para su referencia solamente. Nos reservamos el derecho de modificar el contenido de este sitio en cualquier momento, pero no tenemos ninguna obligaci\u00f3n de actualizar cualquier informaci\u00f3n en nuestro sitio. Usted acepta que es su responsabilidad supervisar los cambios en nuestro sitio.<\/p>\n<p>SECCI\u00d3N 4 \u2013 Modificaciones al precio y los servicios<\/p>\n<p>Los precios de nuestros productos est\u00e1n sujetos a cambios sin previo aviso. Nos reservamos el derecho en cualquier momento de modificar o discontinuar el Servicio (o cualquier parte o contenido del mismo) sin previo aviso y en cualquier momento.<br \/>\nNo seremos responsables ante terceros por cualquier modificaci\u00f3n, cambio de precio, suspensi\u00f3n o interrupci\u00f3n del Servicio.<\/p>\n<p>SECCI\u00d3N 5 \u2013 Productos<\/p>\n<p>Nos apegamos lo m\u00e1s exactamente posible a los colores y las im\u00e1genes de nuestros productos, mismos que aparecen en la tienda. No podemos garantizar que la visualizaci\u00f3n del monitor de su computadora de cualquier color ser\u00e1 exacta.<\/p>\n<p>Nos reservamos el derecho, pero no estamos obligados, a limitar las ventas de nuestros productos o servicios a cualquier persona, regi\u00f3n geogr\u00e1fica o jurisdicci\u00f3n. Podemos ejercer este derecho caso por caso. Nos reservamos el derecho de limitar las cantidades de cualquier producto o servicio que ofrecemos. Todas las descripciones de productos o precios de los productos est\u00e1n sujetas a cambios en cualquier momento sin previo aviso, a discreci\u00f3n exclusiva de nosotros. Nos reservamos el derecho de suspender cualquier producto en cualquier momento. Cualquier oferta para cualquier producto o servicio realizado en este sitio es nula donde est\u00e1 prohibido. No garantizamos que la calidad de los productos, servicios, informaci\u00f3n u otro material comprado u obtenido por usted cumpla con sus expectativas, o que cualquier error en el Servicio ser\u00e1 corregido.<\/p>\n<p>SECCI\u00d3N 6 &#8211; Exactitud de la informaci\u00f3n de facturaci\u00f3n y cuenta<\/p>\n<p>Nos reservamos el derecho de rechazar cualquier pedido que realice con nosotros. Podemos, a nuestra sola discreci\u00f3n, limitar o cancelar las cantidades compradas por persona, por hogar o pedido. Estas restricciones pueden incluir pedidos realizados por o bajo la misma cuenta de cliente, la misma tarjeta de cr\u00e9dito y\/o pedidos que usan la misma direcci\u00f3n de facturaci\u00f3n y\/o env\u00edo. En el caso de que hagamos un cambio o cancelemos un pedido, podemos intentar notificarlo poni\u00e9ndonos en contacto con el correo electr\u00f3nico y\/o la direcci\u00f3n de facturaci\u00f3n \/ n\u00famero de tel\u00e9fono proporcionado en el momento en que se hizo el pedido. Nos reservamos el derecho de limitar o prohibir \u00f3rdenes que, a nuestro juicio, parecen ser colocadas por distribuidores, revendedores o distribuidores.<\/p>\n<p>Usted acepta proporcionar informaci\u00f3n de compra y de cuenta actual, completa y precisa para todas las compras realizadas en nuestra tienda. Usted acepta actualizar r\u00e1pidamente su cuenta y otra informaci\u00f3n, incluyendo su direcci\u00f3n de correo electr\u00f3nico y n\u00fameros de tarjeta de cr\u00e9dito y fechas de vencimiento, para que podamos completar sus transacciones y ponernos en contacto con usted seg\u00fan sea necesario.<\/p>\n<p>SECCI\u00d3N 7 &#8211; Herramientas opcionales<\/p>\n<p>Podemos proporcionarle acceso a herramientas de terceros sobre las que no supervisamos ni tenemos ning\u00fan control ni aportaci\u00f3n. Usted reconoce y acepta que proveemos el acceso a tales herramientas \u00abcomo est\u00e1n\u00bb y \u00abcomo disponibles\u00bb sin ninguna garant\u00eda, representaci\u00f3n o condici\u00f3n de ning\u00fan tipo y sin ning\u00fan respaldo. No tendremos ninguna responsabilidad derivada o relacionada con su uso de herramientas de terceros opcionales.<\/p>\n<p>Cualquier uso por usted de las herramientas opcionales ofrecidas a trav\u00e9s del sitio es totalmente bajo su propio riesgo y discreci\u00f3n, con el cual debe asegurarse de que est\u00e1 familiarizado y aprueba los t\u00e9rminos en los que las herramientas son proporcionadas por los terceros proveedores pertinentes.<\/p>\n<p>Tambi\u00e9n podremos ofrecer en el futuro nuevos servicios y\/o caracter\u00edsticas a trav\u00e9s del sitio web (incluyendo el lanzamiento de nuevas herramientas y recursos). Tales nuevas caracter\u00edsticas y\/o servicios tambi\u00e9n estar\u00e1n sujetos a estos T\u00e9rminos de Servicio.<\/p>\n<p>SECCI\u00d3N 8 &#8211; Enlaces de terceros<\/p>\n<p>Ciertos contenidos, productos y servicios disponibles a trav\u00e9s de nuestro Servicio pueden incluir materiales de terceros. Los enlaces de terceros en este sitio pueden dirigirte a sitios web de terceros que no est\u00e1n afiliados con nosotros. No somos responsables de examinar o evaluar el contenido o la exactitud y no garantizamos y no asumiremos responsabilidad alguna por ning\u00fan material o sitio web de terceros, ni por ning\u00fan otro material, producto o servicio de terceros.<\/p>\n<p>No somos responsables de ning\u00fan da\u00f1o o afectaci\u00f3n relacionada con la compra o uso de bienes, servicios, recursos, contenido, o cualquier otra transacci\u00f3n realizada en relaci\u00f3n con cualquier sitio web de terceros. Revise cuidadosamente las pol\u00edticas y pr\u00e1cticas de terceros y aseg\u00farese de entenderlas antes de realizar cualquier transacci\u00f3n. Las quejas, reclamaciones, inquietudes o preguntas relacionadas con productos de terceros deben dirigirse a terceros.<\/p>\n<p>SECCI\u00d3N 9 &#8211; Comentarios de los usuarios, comentarios y otras presentaciones<\/p>\n<p>Si, a petici\u00f3n nuestra, env\u00eda algunas presentaciones espec\u00edficas (por ejemplo, entradas al concurso) o sin solicitud de nuestra parte env\u00eda ideas creativas, sugerencias, propuestas, planes u otros materiales, ya sea en l\u00ednea, por correo electr\u00f3nico, correo postal o de otro modo (colectivamente, \u00abcomentarios\u00bb), usted acepta que podemos, en cualquier momento, sin restricciones, editar, copiar, publicar, distribuir, traducir y de otra manera utilizar en cualquier medio cualquier comentario que nos env\u00ede.<\/p>\n<p>Estamos y no estaremos obligados: (1) a mantener sus comentarios en confidencia; (2) a pagar una compensaci\u00f3n por cualquier comentario; o (3) a responder a cualquier comentario. Podemos, pero no tenemos la obligaci\u00f3n de, supervisar, editar o eliminar el contenido que determinamos a nuestra sola discreci\u00f3n, si son ilegales, ofensivos, amenazantes, calumniosos, difamatorios, pornogr\u00e1ficos, obscenos o de cualquier otra manera objetables o violan la propiedad intelectual de cualquiera de las partes o estos T\u00e9rminos de Servicio.<\/p>\n<p>Usted acepta que sus comentarios no violar\u00e1n ning\u00fan derecho de terceros, incluyendo derechos de autor, marca registrada, privacidad, personalidad u otro derecho personal o de propiedad. Asimismo, acepta que sus comentarios no contendr\u00e1n material calumnioso o ilegal, abusivo u obsceno, ni contendr\u00e1n ning\u00fan virus inform\u00e1tico u otro malware que pueda afectar de alguna manera el funcionamiento del Servicio o de cualquier sitio web relacionado. Usted no puede usar una direcci\u00f3n de correo electr\u00f3nico falsa, pretender ser alguien que no sea usted mismo, o enga\u00f1ar a nosotros o a terceros en cuanto al origen de los comentarios. Usted es el \u00fanico responsable de cualquier comentario que haga y su exactitud. No asumimos ninguna responsabilidad y no asumimos ninguna responsabilidad por los comentarios publicados por usted o cualquier tercero.<\/p>\n<p>SECCI\u00d3N 10 &#8211; Informaci\u00f3n personal<\/p>\n<p>Su env\u00edo de informaci\u00f3n personal a trav\u00e9s de la tienda se rige por nuestra Pol\u00edtica de privacidad.<\/p>\n<p>SECCI\u00d3N 11 &#8211; Errores, inexactitudes y omisiones<\/p>\n<p>Ocasionalmente puede haber informaci\u00f3n en nuestro sitio o en el Servicio que contenga errores tipogr\u00e1ficos, inexactitudes u omisiones que puedan estar relacionadas con descripciones de productos, precios, promociones, ofertas, gastos de env\u00edo del producto, tiempos de tr\u00e1nsito y disponibilidad. Nos reservamos el derecho de corregir cualquier error, inexactitud u omisi\u00f3n, y de cambiar o actualizar informaci\u00f3n o cancelar \u00f3rdenes si cualquier informaci\u00f3n en el Servicio o en cualquier sitio web relacionado es inexacta en cualquier momento sin previo aviso (incluso despu\u00e9s de haber enviado su pedido).<\/p>\n<p>No asumimos ninguna obligaci\u00f3n de actualizar, enmendar o aclarar informaci\u00f3n en el Servicio o en cualquier sitio web relacionado, incluyendo, sin limitaci\u00f3n, informaci\u00f3n de precios, excepto como lo requiera la ley. Ninguna actualizaci\u00f3n especificada o fecha de actualizaci\u00f3n aplicada en el Servicio o en ning\u00fan sitio web relacionado debe ser tomada para indicar que toda la informaci\u00f3n en el Servicio o en cualquier sitio web relacionado ha sido modificada o actualizada.<\/p>\n<p>SECCI\u00d3N 12 &#8211; Usos prohibidos<\/p>\n<p>Adem\u00e1s de otras prohibiciones establecidas en los T\u00e9rminos de Servicio, est\u00e1 prohibido utilizar el sitio o su contenido: (a) para cualquier prop\u00f3sito il\u00edcito; b) solicitar a otros que realicen o participen en actos il\u00edcitos; (c) violar cualquier reglamento, reglamento, ley u ordenanza local, internacional, federal, provincial o estatal; (d) infringir o violar nuestros derechos de propiedad intelectual o los derechos de propiedad intelectual de terceros; (e) acosar, abusar, insultar, da\u00f1ar, difamar, calumniar, desacreditar, intimidar o discriminar por motivos de g\u00e9nero, orientaci\u00f3n sexual, religi\u00f3n, origen \u00e9tnico, raza, edad, nacionalidad o discapacidad; f) presentar informaci\u00f3n falsa o enga\u00f1osa; (g) cargar o transmitir virus o cualquier otro tipo de c\u00f3digo malicioso que sea o pueda ser usado de cualquier manera que afecte la funcionalidad o operaci\u00f3n del Servicio o de cualquier sitio web relacionado, otros sitios web o Internet; (h)recoger o rastrear la informaci\u00f3n personal de otros; (i) mandar spam o phishing; (j) para cualquier prop\u00f3sito obsceno o inmoral; o (k) interferir o eludir las caracter\u00edsticas de seguridad del Servicio o cualquier sitio web relacionado, otros sitios web o Internet. Nos reservamos el derecho de terminar su uso del Servicio o cualquier sitio web relacionado por violar cualquiera de los usos prohibidos.<\/p>\n<p>SECCI\u00d3N 13 &#8211; Renuncia de garant\u00edas; limitaci\u00f3n de responsabilidad<\/p>\n<p>Sky Green pretende ser tan preciso como sea posible. Sin embargo no garantizamos o representamos que el uso de nuestro servicio ser\u00e1 ininterrumpido, oportuno, seguro o libre de errores. No garantizamos que los resultados que puedan obtenerse del uso del servicio sean siempre precisos o confiables. Usted acepta que de vez en cuando podemos retirar el servicio por periodos de tiempo indefinidos o cancelar el servicio en cualquier momento, sin previo aviso. Usted acepta expresamente que su uso o incapacidad de usar el servicio es bajo su propio riesgo. El servicio y todos los productos y servicios que se le suministran a trav\u00e9s del servicio son (excepto seg\u00fan lo expresamente declarado por nosotros) siempre y cuando est\u00e9n disponibles para su uso, sin ninguna representaci\u00f3n, garant\u00edas o condiciones de ning\u00fan tipo, ya sea expresa o incluidas todas las garant\u00edas impl\u00edcitas o condiciones de comerciabilidad, calidad comercial, aptitud para un prop\u00f3sito particular, durabilidad, t\u00edtulo y no infracci\u00f3n.<\/p>\n<p>En ning\u00fan caso Tienda Sky Green, as\u00ed como nuestros directores, funcionarios, empleados, afiliados, agentes, contratistas, internos, proveedores o proveedores de servicios ser\u00e1n responsables de cualquier lesi\u00f3n, p\u00e9rdida, reclamaci\u00f3n o da\u00f1os directos, indirectos, incidentales, punitivos, p\u00e9rdida de datos, costos de reemplazo, o cualquier da\u00f1o similar, ya sea por contrato, agravio (incluyendo negligencia), responsabilidad estricta o de otro tipo, su uso de cualquiera de los servicios o productos adquiridos utilizando el servicio, o para cualquier otra reclamaci\u00f3n relacionada de cualquier manera con su uso del servicio o cualquier producto, incluyendo, pero no limitado a, cualquier error u omisi\u00f3n en cualquier contenido, o cualquier p\u00e9rdida y\/o da\u00f1o de cualquier tipo incurrido como resultado del uso del servicio o de cualquier contenido (o producto) publicado, transmitido, o de otra manera puesto a disposici\u00f3n v\u00eda el servicio, incluso si se informa de su posibilidad. Debido a que algunos estados o jurisdicciones no permiten la exclusi\u00f3n o la limitaci\u00f3n de responsabilidad por da\u00f1os consecuenciales o incidentales, en dichos estados o jurisdicciones, nuestra responsabilidad se limitar\u00e1 al m\u00e1ximo permitido por la ley.<\/p>\n<p>SECCI\u00d3N 14 \u2013 Indemnizaci\u00f3n<\/p>\n<p>Usted se compromete a indemnizar, defender y eximir a Tienda Sky Green y a nuestros subsidiarios, afiliados, socios, funcionarios, directores, agentes, contratistas, proveedores de servicios, subcontratistas, proveedores, pasantes y empleados, honorarios razonables de abogados, hechos por cualquier tercero debido o derivado de su incumplimiento de estos T\u00e9rminos de Servicio o de los documentos que incorporan por referencia, o su violaci\u00f3n de cualquier ley o los derechos de un tercero.<\/p>\n<p>SECCI\u00d3N 15 \u2013 Divisibilidad<\/p>\n<p>En el caso de que se determine que una disposici\u00f3n de estos T\u00e9rminos de Servicio es ilegal, nula o inexigible, dicha disposici\u00f3n ser\u00e1 aplicable en toda la extensi\u00f3n permitida por la ley aplicable, y la parte inaplicable se considerar\u00e1 separada de estos T\u00e9rminos de Servicio. Servicio, dicha determinaci\u00f3n no afectar\u00e1 la validez y aplicabilidad de otras disposiciones restantes.<\/p>\n<p>SECCI\u00d3N 16 \u2013 Terminaci\u00f3n<\/p>\n<p>Las obligaciones y responsabilidades de las partes contra\u00eddas antes de la fecha de terminaci\u00f3n sobrevivir\u00e1n a la terminaci\u00f3n de este acuerdo y a todos los efectos.<\/p>\n<p>Estos T\u00e9rminos de Servicio son efectivos a menos y hasta que sea terminado por usted o por nosotros. Usted puede terminar estos T\u00e9rminos de Servicio en cualquier momento notific\u00e1ndonos que ya no desea utilizar nuestros Servicios, o cuando deja de usar nuestro sitio.<\/p>\n<p>Si usted incumple, o sospechamos que usted ha incumplido, con cualquier t\u00e9rmino o disposici\u00f3n de estas Condiciones de servicio, tambi\u00e9n podemos terminar este acuerdo en cualquier momento sin previo aviso y usted seguir\u00e1 siendo responsable de todas las cantidades adeudadas hasta la fecha de terminaci\u00f3n; y\/o, en consecuencia, podemos negarle el acceso a nuestros Servicios (o a cualquier parte del mismo).<\/p>\n<p>SECCI\u00d3N 17 &#8211; Acuerdo completo<\/p>\n<p>El incumplimiento de nosotros de ejercer o hacer cumplir cualquier derecho o disposici\u00f3n de estos T\u00e9rminos de Servicio no constituir\u00e1 una renuncia a tal derecho o disposici\u00f3n.<\/p>\n<p>Estos T\u00e9rminos de Servicio y todas las pol\u00edticas o reglas de operaci\u00f3n publicadas por nosotros en este sitio o con respecto al Servicio constituyen al acuerdo completo y entendimiento entre usted y nosotros, y rigen su uso del Servicio, reemplazando cualquier acuerdo previo o contempor\u00e1neo, comunicaciones y propuestas, ya sea oral o escrito, entre usted y nosotros (incluyendo, pero no limitado a cualquier versi\u00f3n anterior de los T\u00e9rminos de Servicio).<\/p>\n<p>Cualquier ambig\u00fcedad en la interpretaci\u00f3n de estos T\u00e9rminos de Servicio no se interpretar\u00e1 en contra de la parte redactora.<\/p>\n<p>SECCI\u00d3N 18 &#8211; Ley aplicable<\/p>\n<p>Estos T\u00e9rminos de Servicio y cualquier acuerdo separado por el cual le proporcionemos Servicios ser\u00e1n gobernados e interpretados de acuerdo con las leyes locales.<\/p>\n<p>SECCI\u00d3N 19 &#8211; Cambios a los t\u00e9rminos de servicio<\/p>\n<p>Puede revisar la versi\u00f3n m\u00e1s reciente de las Condiciones del servicio en cualquier momento en esta p\u00e1gina. Nos reservamos el derecho, a nuestra sola discreci\u00f3n, de actualizar, cambiar o reemplazar cualquier parte de estas Condiciones de servicio mediante la publicaci\u00f3n de actualizaciones y cambios en nuestro sitio web. Es su responsabilidad revisar peri\u00f3dicamente nuestro sitio web para ver si hay cambios. Su uso continuado o acceso a nuestro sitio web o al Servicio despu\u00e9s de la publicaci\u00f3n de cualquier cambio en estas Condiciones de servicio constituye la aceptaci\u00f3n de dichos cambios.<\/p>\n<p>SECCI\u00d3N 20 &#8211; Informaci\u00f3n de contacto<\/p>\n<p>Preguntas sobre los T\u00e9rminos de Servicio y aviso de privacidad deben enviarse a protecciondedatos@skygreen.com.mx[\/vc_column_text][\/vc_column][\/vc_row]<\/p>\n","protected":false},"excerpt":{"rendered":"<p>[vc_row css=\u00bb.vc_custom_1604639820365{padding-top: 60px !important;padding-bottom: 60px !important;}\u00bb][vc_column offset=\u00bbvc_col-lg-offset-1 vc_col-lg-10 vc_col-md-offset-1 vc_col-md-10 vc_col-sm-offset-0 vc_col-xs-12&#8243;][vc_column_text el_id=\u00bbprivacy\u00bb]T\u00c9RMINOS DE SERVICIO &#8212;&#8211; VISI\u00d3N DE CONJUNTO Este sitio web es operado por Sky Green a lo largo del sitio, los t\u00e9rminos \u201cnosotros\u00bb y \u00abnuestro\u00bb se refieren al sitio y a la tienda Sky Green. Tienda ofrece este sitio web, incluyendo toda la [&hellip;]<\/p>\n","protected":false},"author":1,"featured_media":0,"parent":0,"menu_order":0,"comment_status":"closed","ping_status":"closed","template":"","meta":{"footnotes":""},"class_list":["post-6120","page","type-page","status-publish","hentry"],"_links":{"self":[{"href":"https:\/\/skygreen.com.mx\/index.php?rest_route=\/wp\/v2\/pages\/6120","targetHints":{"allow":["GET"]}}],"collection":[{"href":"https:\/\/skygreen.com.mx\/index.php?rest_route=\/wp\/v2\/pages"}],"about":[{"href":"https:\/\/skygreen.com.mx\/index.php?rest_route=\/wp\/v2\/types\/page"}],"author":[{"embeddable":true,"href":"https:\/\/skygreen.com.mx\/index.php?rest_route=\/wp\/v2\/users\/1"}],"replies":[{"embeddable":true,"href":"https:\/\/skygreen.com.mx\/index.php?rest_route=%2Fwp%2Fv2%2Fcomments&post=6120"}],"version-history":[{"count":1,"href":"https:\/\/skygreen.com.mx\/index.php?rest_route=\/wp\/v2\/pages\/6120\/revisions"}],"predecessor-version":[{"id":6121,"href":"https:\/\/skygreen.com.mx\/index.php?rest_route=\/wp\/v2\/pages\/6120\/revisions\/6121"}],"wp:attachment":[{"href":"https:\/\/skygreen.com.mx\/index.php?rest_route=%2Fwp%2Fv2%2Fmedia&parent=6120"}],"curies":[{"name":"wp","href":"https:\/\/api.w.org\/{rel}","templated":true}]}}