{"id":6013,"date":"2020-08-28T23:34:31","date_gmt":"2020-08-28T23:34:31","guid":{"rendered":"https:\/\/skygreen.com.mx\/?page_id=6013"},"modified":"2022-06-28T00:48:46","modified_gmt":"2022-06-28T00:48:46","slug":"codigo-de-red","status":"publish","type":"page","link":"https:\/\/skygreen.com.mx\/?page_id=6013","title":{"rendered":"C\u00f3digo de Red"},"content":{"rendered":"<p>[vc_row content_placement=\u00bbmiddle\u00bb css=\u00bb.vc_custom_1593644618637{padding-top: 75px !important;padding-bottom: 75px !important;}\u00bb][vc_column parallax=\u00bbyes\u00bb scale_from_x=\u00bb1&#8243; scale_from_y=\u00bb1&#8243; scale_from_z=\u00bb1&#8243; from_opacity=\u00bb1&#8243; scale_to_x=\u00bb1&#8243; scale_to_y=\u00bb1&#8243; scale_to_z=\u00bb1&#8243; to_opacity=\u00bb1&#8243; enable_content_animation=\u00bbyes\u00bb ca_init_scale_x=\u00bb1&#8243; ca_init_scale_y=\u00bb1&#8243; ca_init_scale_z=\u00bb1&#8243; ca_init_opacity=\u00bb0&#8243; ca_an_scale_x=\u00bb1&#8243; ca_an_scale_y=\u00bb1&#8243; ca_an_scale_z=\u00bb1&#8243; ca_an_opacity=\u00bb1&#8243; offset=\u00bbvc_col-md-5&#8243; ca_init_translate_y=\u00bb42&#8243; translate_from_y=\u00bb73&#8243; translate_to_y=\u00bb-80&#8243;][ld_fancy_heading tag=\u00bbh2&#8243; transform=\u00bbtext-uppercase\u00bb use_custom_fonts_title=\u00bbtrue\u00bb enable_fit=\u00bbtrue\u00bb compressor=\u00bb0.5&#8243; margin=\u00bbbottom_small:0px\u00bb color=\u00bbrgb(221, 183, 7)\u00bb]C\u00f3digo de Red, normativa el\u00e9ctrica[\/ld_fancy_heading][vc_separator color=\u00bbcustom\u00bb accent_color=\u00bb#ddb707&#8243;][vc_row_inner][vc_column_inner offset=\u00bbvc_col-md-9&#8243;][ld_spacer height=\u00bb8px\u00bb][ld_fancy_heading tag=\u00bbp\u00bb use_custom_fonts_title=\u00bbtrue\u00bb title=\u00bbEach boutique hotel in the Ave Hotel collection tells a unique story, inviting guests to immerse themselves in tales of adventure, romance, history, culture, nature and more for the length of a memorable stay. Discover the high points of our story here.\u00bb init_values=\u00bbtranslateY:80,opacity:0&#8243;]<\/p>\n<h4><span style=\"font-size: 21px;\"><strong>Cumple y evita penalizaciones<\/strong> a trav\u00e9s de <a href=\"https:\/\/www.gob.mx\/cre\/es\/articulos\/preguntas-frecuentes-sobre-el-codigo-de-red?idiom=es\">C\u00f3digo de Red<\/a>. <\/span><\/h4>\n<h4><span style=\"font-size: 21px;\">Te acompa\u00f1amos en todo el proceso hasta la puesta en marcha del Plan de trabajo y su ejecuci\u00f3n.<\/span><\/h4>\n<p>[\/ld_fancy_heading][ld_spacer height=\u00bb50px\u00bb][ld_fancy_heading tag=\u00bbp\u00bb use_custom_fonts_title=\u00bbtrue\u00bb title=\u00bbEach boutique hotel in the Ave Hotel collection tells a unique story, inviting guests to immerse themselves in tales of adventure, romance, history, culture, nature and more for the length of a memorable stay. Discover the high points of our story here.\u00bb init_values=\u00bbtranslateY:80,opacity:0&#8243;]<span style=\"font-size: 21px;\">El <strong>C\u00f3digo de Red<\/strong> es la principal normativa e instrumento en materia de <strong>confiabilidad, continuidad y seguridad emitido por la Comisi\u00f3n Regulatoria de Energ\u00eda (CRE).<\/strong> Todos los usuarios del Sistema El\u00e9ctrico Nacional deben cumplir con los requerimientos manera obligatoria; incluye a centros de carga de alta y media tensi\u00f3n.<\/span>[\/ld_fancy_heading][ld_spacer height=\u00bb50px\u00bb][ld_button style=\u00bbbtn-solid\u00bb title=\u00bbCont\u00e1ctanos\u00bb shape=\u00bbcircle\u00bb size=\u00bbbtn-md\u00bb color=\u00bbrgb(208, 189, 59)\u00bb hover_color=\u00bbrgb(17, 60, 252)\u00bb link=\u00bburl:https%3A%2F%2Fapi.whatsapp.com%2Fsend%2F%3Fphone%3D5215534331099%26text%3DHola%252C%2Bestoy%2Binteresado(a)%2Ben%2Bm%25C3%25A1s%2Binformaci%25C3%25B3n%2Bsobre%2Bc%25C3%25B3digo%2Bde%2BRed.%26app_absent%3D0|title:Solicita%20tu%20cotizaci%C3%B3n\u00bb][\/vc_column_inner][\/vc_row_inner][\/vc_column][vc_column offset=\u00bbvc_col-md-offset-1 vc_col-md-6&#8243;][ld_images_group_container][ld_images_group_element enable_effects=\u00bbyes\u00bb enable_image_shadow=\u00bbyes\u00bb shadow_style=\u00bb1&#8243; enable_roudness=\u00bbyes\u00bb image_roudness=\u00bb2&#8243; image=\u00bb5647&#8243;][\/ld_images_group_element][\/ld_images_group_container][\/vc_column][\/vc_row][vc_row][vc_column][ld_fancy_heading tag=\u00bbp\u00bb use_custom_fonts_title=\u00bbtrue\u00bb title=\u00bbEach boutique hotel in the Ave Hotel collection tells a unique story, inviting guests to immerse themselves in tales of adventure, romance, history, culture, nature and more for the length of a memorable stay. Discover the high points of our story here.\u00bb init_values=\u00bbtranslateY:80,opacity:0&#8243;]<strong><span style=\"font-size: 21px;\">El C\u00f3digo de Red es obligatorio para todas las empresas con un consumo mayor a 1 MW\u00a0 (media tensi\u00f3n) y\/\u00f3 que est\u00e9n conectados en un voltaje mayor a 69 KV (alta tensi\u00f3n).<\/span><\/strong>[\/ld_fancy_heading][vc_empty_space height=\u00bb50px\u00bb][ld_section_title title=\u00bbConoce las sanciones por incumplimiento\u00bb title_top_margin=\u00bb10&#8243; title_bottom_margin=\u00bb10&#8243; tag=\u00bbh3&#8243; subtitle_top_margin=\u00bb0&#8243; subtitle_bottom_margin=\u00bb10&#8243; text_top_margin=\u00bb0&#8243; text_bottom_margin=\u00bb0&#8243; use_custom_fonts_title=\u00bbtrue\u00bb color=\u00bbrgb(17, 60, 252)\u00bb][\/ld_section_title][ld_fancy_heading tag=\u00bbp\u00bb use_custom_fonts_title=\u00bbtrue\u00bb title=\u00bbEach boutique hotel in the Ave Hotel collection tells a unique story, inviting guests to immerse themselves in tales of adventure, romance, history, culture, nature and more for the length of a memorable stay. Discover the high points of our story here.\u00bb init_values=\u00bbtranslateY:80,opacity:0&#8243; fs=\u00bb21&#8243;]<\/p>\n<ul>\n<li><span style=\"font-size: 21px;\">Con multa del 2% al 10% de los ingresos brutos percibidos en el a\u00f1o anterior por dejar de observar de manera grave, a juicio de la CRE, las disposiciones en materia de la calidad, confiabilidad, continuidad y seguridad del SEN<\/span><\/li>\n<\/ul>\n<p>&nbsp;<\/p>\n<ul>\n<li><span style=\"font-size: 21px;\">Con multa de 50,000 a 200,000 salarios m\u00ednimos por incumplir las disposiciones en materia de la calidad, confiabilidad, continuidad y seguridad del SEN.<\/span><\/li>\n<\/ul>\n<p>[\/ld_fancy_heading][vc_empty_space height=\u00bb50px\u00bb][\/vc_column][\/vc_row][vc_row][vc_column][ld_fancy_heading tag=\u00bbp\u00bb use_custom_fonts_title=\u00bbtrue\u00bb title=\u00bbEach boutique hotel in the Ave Hotel collection tells a unique story, inviting guests to immerse themselves in tales of adventure, romance, history, culture, nature and more for the length of a memorable stay. Discover the high points of our story here.\u00bb init_values=\u00bbtranslateY:80,opacity:0&#8243; color=\u00bbrgb(17, 60, 252)\u00bb]<\/p>\n<h3><strong><span style=\"font-size: 21px;\">En <a href=\"https:\/\/skygreen.com.mx\/\">Sky Green<\/a> podemos trabajar en una soluci\u00f3n a tus necesidades.<\/span><\/strong><br \/>\n<strong><span style=\"font-size: 21px;\">Recuerda que podemos hacer un plan de pagos adaptado a tus posibilidades econ\u00f3micas, y ayudarte al cumplimiento de condiciones energ\u00e9ticas favorables para tu plan de trabajo.<\/span><\/strong><\/h3>\n<p>[\/ld_fancy_heading][vc_empty_space height=\u00bb50px\u00bb][ld_cf7 id=\u00bb6833&#8243; size=\u00bblqd-contact-form-inputs-md\u00bb btn_size=\u00bblqd-contact-form-button-md\u00bb submit_bg_color=\u00bbrgb(208, 189, 59)\u00bb submit_hbg_color=\u00bbrgb(17, 60, 252)\u00bb submit_h_color=\u00bbrgb(17, 60, 252)\u00bb submit_border_color=\u00bbrgb(208, 189, 59)\u00bb submit_hover_border_color=\u00bbrgb(17, 60, 252)\u00bb][\/vc_column][\/vc_row]<\/p>\n","protected":false},"excerpt":{"rendered":"<p>[vc_row content_placement=\u00bbmiddle\u00bb css=\u00bb.vc_custom_1593644618637{padding-top: 75px !important;padding-bottom: 75px !important;}\u00bb][vc_column parallax=\u00bbyes\u00bb scale_from_x=\u00bb1&#8243; scale_from_y=\u00bb1&#8243; scale_from_z=\u00bb1&#8243; from_opacity=\u00bb1&#8243; scale_to_x=\u00bb1&#8243; scale_to_y=\u00bb1&#8243; scale_to_z=\u00bb1&#8243; to_opacity=\u00bb1&#8243; enable_content_animation=\u00bbyes\u00bb ca_init_scale_x=\u00bb1&#8243; ca_init_scale_y=\u00bb1&#8243; ca_init_scale_z=\u00bb1&#8243; ca_init_opacity=\u00bb0&#8243; ca_an_scale_x=\u00bb1&#8243; ca_an_scale_y=\u00bb1&#8243; ca_an_scale_z=\u00bb1&#8243; ca_an_opacity=\u00bb1&#8243; offset=\u00bbvc_col-md-5&#8243; ca_init_translate_y=\u00bb42&#8243; translate_from_y=\u00bb73&#8243; translate_to_y=\u00bb-80&#8243;][ld_fancy_heading tag=\u00bbh2&#8243; transform=\u00bbtext-uppercase\u00bb use_custom_fonts_title=\u00bbtrue\u00bb enable_fit=\u00bbtrue\u00bb compressor=\u00bb0.5&#8243; margin=\u00bbbottom_small:0px\u00bb color=\u00bbrgb(221, 183, 7)\u00bb]C\u00f3digo de Red, normativa el\u00e9ctrica[\/ld_fancy_heading][vc_separator color=\u00bbcustom\u00bb accent_color=\u00bb#ddb707&#8243;][vc_row_inner][vc_column_inner offset=\u00bbvc_col-md-9&#8243;][ld_spacer height=\u00bb8px\u00bb][ld_fancy_heading tag=\u00bbp\u00bb use_custom_fonts_title=\u00bbtrue\u00bb title=\u00bbEach boutique hotel in the Ave Hotel [&hellip;]<\/p>\n","protected":false},"author":1,"featured_media":0,"parent":0,"menu_order":0,"comment_status":"closed","ping_status":"closed","template":"","meta":{"footnotes":""},"class_list":["post-6013","page","type-page","status-publish","hentry"],"_links":{"self":[{"href":"https:\/\/skygreen.com.mx\/index.php?rest_route=\/wp\/v2\/pages\/6013","targetHints":{"allow":["GET"]}}],"collection":[{"href":"https:\/\/skygreen.com.mx\/index.php?rest_route=\/wp\/v2\/pages"}],"about":[{"href":"https:\/\/skygreen.com.mx\/index.php?rest_route=\/wp\/v2\/types\/page"}],"author":[{"embeddable":true,"href":"https:\/\/skygreen.com.mx\/index.php?rest_route=\/wp\/v2\/users\/1"}],"replies":[{"embeddable":true,"href":"https:\/\/skygreen.com.mx\/index.php?rest_route=%2Fwp%2Fv2%2Fcomments&post=6013"}],"version-history":[{"count":21,"href":"https:\/\/skygreen.com.mx\/index.php?rest_route=\/wp\/v2\/pages\/6013\/revisions"}],"predecessor-version":[{"id":12953,"href":"https:\/\/skygreen.com.mx\/index.php?rest_route=\/wp\/v2\/pages\/6013\/revisions\/12953"}],"wp:attachment":[{"href":"https:\/\/skygreen.com.mx\/index.php?rest_route=%2Fwp%2Fv2%2Fmedia&parent=6013"}],"curies":[{"name":"wp","href":"https:\/\/api.w.org\/{rel}","templated":true}]}}