{"id":5578,"date":"2020-07-01T22:07:38","date_gmt":"2020-07-01T22:07:38","guid":{"rendered":"https:\/\/skygreen.com.mx\/?page_id=5578"},"modified":"2021-06-22T18:58:39","modified_gmt":"2021-06-22T18:58:39","slug":"sistemas-y-equipos-solares","status":"publish","type":"page","link":"https:\/\/skygreen.com.mx\/?page_id=5578","title":{"rendered":"Sistemas y equipos solares"},"content":{"rendered":"<p>[vc_row parallax=\u00bbenable_parallax\u00bb enable_overlay=\u00bbyes\u00bb css=\u00bb.vc_custom_1615594737966{margin-top: 55px !important;padding-top: 220px !important;padding-bottom: 220px !important;background-image: url(https:\/\/skygreen.com.mx\/wp-content\/uploads\/2020\/07\/15600-scaled-e1593646975855.jpg?id=5634) !important;background-position: center;background-repeat: no-repeat;background-size: cover !important;}\u00bb overlay_bg=\u00bbrgba(0, 0, 0, 0.27)\u00bb][vc_column enable_content_animation=\u00bbyes\u00bb ca_init_scale_x=\u00bb1&#8243; ca_init_scale_y=\u00bb1&#8243; ca_init_scale_z=\u00bb1&#8243; ca_init_opacity=\u00bb0&#8243; ca_an_scale_x=\u00bb1&#8243; ca_an_scale_y=\u00bb1&#8243; ca_an_scale_z=\u00bb1&#8243; ca_an_opacity=\u00bb1&#8243; offset=\u00bbvc_col-lg-5 vc_col-md-6&#8243; ca_duration=\u00bb1200&#8243; ca_delay=\u00bb180&#8243; ca_init_translate_y=\u00bb40&#8243; ca_init_translate_z=\u00bb-161&#8243; ca_init_rotate_x=\u00bb-80&#8243;][ld_fancy_heading tag=\u00bbh2&#8243; enable_underline=\u00bbyes\u00bb use_custom_fonts_title=\u00bbtrue\u00bb fs=\u00bb36px\u00bb lh=\u00bb1.111em\u00bb color=\u00bbrgb(255, 255, 255)\u00bb]<b>Instalaci\u00f3n y Sistemas Fotovoltaicos<\/b>[\/ld_fancy_heading][ld_spacer height=\u00bb22px\u00bb][ld_fancy_heading tag=\u00bbp\u00bb use_custom_fonts_title=\u00bbtrue\u00bb fs=\u00bb16px\u00bb lh=\u00bb1.78em\u00bb color=\u00bbrgb(255, 255, 255)\u00bb]<span style=\"font-weight: 400;\">Desarrollamos instalaciones fotovoltaicas para distintos tipos de proyectos. <\/span><br \/>\n<span style=\"font-weight: 400;\">Desde instalaciones para vivienda unifamiliar o condominiales, hasta comerciales, granjas solares y naves industriales.\u00a0<\/span>[\/ld_fancy_heading][ld_spacer height=\u00bb42px\u00bb][ld_button style=\u00bbbtn-solid\u00bb title=\u00bbCotiza tu proyecto\u00bb transformation=\u00bbtext-uppercase\u00bb shape=\u00bbcircle\u00bb color=\u00bbrgb(221, 183, 7)\u00bb fs=\u00bb13px\u00bb lh=\u00bb1.5em\u00bb ls=\u00bb0.1em\u00bb css=\u00bb.vc_custom_1595484576242{padding-right: 1em !important;padding-left: 1em !important;}\u00bb hover_color=\u00bbrgb(94, 133, 46)\u00bb link=\u00bburl:https%3A%2F%2Fskygreen.com.mx%2Fcontacto%2F|||\u00bb text_color=\u00bbrgb(255, 255, 255)\u00bb][\/vc_column][\/vc_row][vc_row][vc_column][\/vc_column][\/vc_row][vc_row equal_height=\u00bbyes\u00bb css=\u00bb.vc_custom_1527251816196{padding-top: 80px !important;padding-bottom: 80px !important;}\u00bb][vc_column parallax=\u00bbyes\u00bb width=\u00bb2\/3&#8243; scale_from_x=\u00bb1&#8243; scale_from_y=\u00bb1&#8243; scale_from_z=\u00bb1&#8243; from_opacity=\u00bb1&#8243; scale_to_x=\u00bb1&#8243; scale_to_y=\u00bb1&#8243; scale_to_z=\u00bb1&#8243; to_opacity=\u00bb1&#8243; enable_content_animation=\u00bbyes\u00bb ca_init_scale_x=\u00bb1&#8243; ca_init_scale_y=\u00bb1&#8243; ca_init_scale_z=\u00bb1&#8243; ca_init_opacity=\u00bb0&#8243; ca_an_scale_x=\u00bb1&#8243; ca_an_scale_y=\u00bb1&#8243; ca_an_scale_z=\u00bb1&#8243; ca_an_opacity=\u00bb1&#8243; offset=\u00bbvc_col-md-offset-0 vc_col-md-3&#8243; ca_init_translate_y=\u00bb35&#8243; translate_from_y=\u00bb100&#8243; translate_to_y=\u00bb-169&#8243; ca_init_translate_x=\u00bb0&#8243; ca_duration=\u00bb1200&#8243; ca_delay=\u00bb150&#8243;][ld_icon_box i_type=\u00bbfontawesome\u00bb alignment=\u00bbtext-left\u00bb i_icon_fontawesome=\u00bbfas fa-solar-panel\u00bb i_color=\u00bbrgb(221, 183, 7)\u00bb icon_size=\u00bb30px\u00bb][\/ld_icon_box][ld_fancy_heading tag=\u00bbh2&#8243; split_type=\u00bbwords\u00bb ca_init_scale_x=\u00bb1&#8243; ca_init_scale_y=\u00bb1&#8243; ca_init_scale_z=\u00bb1&#8243; ca_init_opacity=\u00bb1&#8243; ca_an_scale_x=\u00bb1&#8243; ca_an_scale_y=\u00bb1&#8243; ca_an_scale_z=\u00bb1&#8243; ca_an_opacity=\u00bb1&#8243; use_custom_fonts_title=\u00bbtrue\u00bb enable_split=\u00bbtrue\u00bb fs=\u00bb36px\u00bb lh=\u00bb1.11em\u00bb]\u00bfQu\u00e9 son y para qu\u00e9 sirven?[\/ld_fancy_heading][vc_separator color=\u00bbcustom\u00bb accent_color=\u00bb#ddb707&#8243;][ld_fancy_heading tag=\u00bbp\u00bb]El uso y aprovechamiento de la <strong>energ\u00eda solar<\/strong> ya no es cosa del futuro, este recurso est\u00e1 en el presente y se encuentra al alcance de todos.[\/ld_fancy_heading][ld_fancy_heading tag=\u00bbp\u00bb]Los <a href=\"https:\/\/skygreen.com.mx\/producto\/panel-solar-450w\/\">paneles solares<\/a> est\u00e1n formados de muchas celdas solares.<br \/>\n<strong>Podr\u00edas estar utilizando esta tecnolog\u00eda para llenar de energ\u00eda tus espacios y aparatos.\u00a0<\/strong>[\/ld_fancy_heading][vc_separator color=\u00bbcustom\u00bb accent_color=\u00bb#ddb707&#8243;][\/vc_column][vc_column width=\u00bb2\/3&#8243; align=\u00bbtext-center\u00bb offset=\u00bbvc_col-md-offset-1 vc_col-md-4&#8243;][vc_row_inner][vc_column_inner parallax=\u00bbyes\u00bb width=\u00bb5\/6&#8243; scale_from_x=\u00bb1&#8243; scale_from_y=\u00bb1&#8243; scale_from_z=\u00bb1&#8243; from_opacity=\u00bb1&#8243; scale_to_x=\u00bb1&#8243; scale_to_y=\u00bb1&#8243; scale_to_z=\u00bb1&#8243; to_opacity=\u00bb1&#8243; enable_content_animation=\u00bbyes\u00bb ca_init_scale_x=\u00bb1&#8243; ca_init_scale_y=\u00bb1&#8243; ca_init_scale_z=\u00bb1&#8243; ca_init_opacity=\u00bb0&#8243; ca_an_scale_x=\u00bb1&#8243; ca_an_scale_y=\u00bb1&#8243; ca_an_scale_z=\u00bb1&#8243; ca_an_opacity=\u00bb1&#8243; align=\u00bbtext-left\u00bb offset=\u00bbvc_col-md-offset-1&#8243; ca_start_delay=\u00bb250&#8243; ca_init_translate_y=\u00bb38&#8243; translate_from_y=\u00bb100&#8243; translate_to_y=\u00bb-100&#8243; ca_duration=\u00bb1200&#8243; ca_delay=\u00bb150&#8243;][ld_icon_box i_type=\u00bbfontawesome\u00bb alignment=\u00bbtext-left\u00bb i_icon_fontawesome=\u00bbfas fa-atom\u00bb i_color=\u00bbrgb(221, 183, 7)\u00bb icon_size=\u00bb30px\u00bb][\/ld_icon_box][ld_fancy_heading tag=\u00bbh2&#8243; split_type=\u00bbwords\u00bb ca_init_scale_x=\u00bb1&#8243; ca_init_scale_y=\u00bb1&#8243; ca_init_scale_z=\u00bb1&#8243; ca_init_opacity=\u00bb1&#8243; ca_an_scale_x=\u00bb1&#8243; ca_an_scale_y=\u00bb1&#8243; ca_an_scale_z=\u00bb1&#8243; ca_an_opacity=\u00bb1&#8243; use_custom_fonts_title=\u00bbtrue\u00bb enable_split=\u00bbtrue\u00bb fs=\u00bb36px\u00bb lh=\u00bb1.11em\u00bb margin=\u00bbright_large:8%25&#8243;]Celdas solares[\/ld_fancy_heading][vc_separator color=\u00bbcustom\u00bb accent_color=\u00bb#ddb707&#8243;][ld_fancy_heading tag=\u00bbp\u00bb]Una celda solar se construye con un <strong>material semiconductor.\u00a0<\/strong><\/p>\n<p>&nbsp;[\/ld_fancy_heading][ld_fancy_heading tag=\u00bbp\u00bb]A \u00e9ste le sobran electrones con carga negativa y la otra parte se hace con un material semiconductor al que le faltan electrones con carga positiva; cuando las celdas solares se exponen a la luz del sol directamente producen corriente.[\/ld_fancy_heading][ld_fancy_heading tag=\u00bbp\u00bb]L<strong>a energ\u00eda del sol mueve los electrones<\/strong> de la parte de la celda que le sobran hacia la parte de la c\u00e9lula que le faltan.[\/ld_fancy_heading][vc_separator color=\u00bbcustom\u00bb accent_color=\u00bb#ddb707&#8243;][vc_empty_space height=\u00bb25px\u00bb][\/vc_column_inner][\/vc_row_inner][\/vc_column][vc_column parallax=\u00bbyes\u00bb width=\u00bb2\/3&#8243; scale_from_x=\u00bb1&#8243; scale_from_y=\u00bb1&#8243; scale_from_z=\u00bb1&#8243; from_opacity=\u00bb1&#8243; scale_to_x=\u00bb1&#8243; scale_to_y=\u00bb1&#8243; scale_to_z=\u00bb1&#8243; to_opacity=\u00bb1&#8243; enable_content_animation=\u00bbyes\u00bb ca_init_scale_x=\u00bb1&#8243; ca_init_scale_y=\u00bb1&#8243; ca_init_scale_z=\u00bb1&#8243; ca_init_opacity=\u00bb0&#8243; ca_an_scale_x=\u00bb1&#8243; ca_an_scale_y=\u00bb1&#8243; ca_an_scale_z=\u00bb1&#8243; ca_an_opacity=\u00bb1&#8243; offset=\u00bbvc_col-md-offset-1 vc_col-md-3&#8243; ca_start_delay=\u00bb500&#8243; ca_init_translate_y=\u00bb40&#8243; translate_from_y=\u00bb100&#8243; translate_to_y=\u00bb-29&#8243; ca_init_translate_x=\u00bb0&#8243; ca_duration=\u00bb1200&#8243; ca_delay=\u00bb150&#8243;][ld_icon_box i_type=\u00bbfontawesome\u00bb alignment=\u00bbtext-left\u00bb i_icon_fontawesome=\u00bbfas fa-plug\u00bb i_color=\u00bbrgb(221, 183, 7)\u00bb icon_size=\u00bb30px\u00bb][\/ld_icon_box][ld_fancy_heading tag=\u00bbh2&#8243; split_type=\u00bbwords\u00bb ca_init_scale_x=\u00bb1&#8243; ca_init_scale_y=\u00bb1&#8243; ca_init_scale_z=\u00bb1&#8243; ca_init_opacity=\u00bb1&#8243; ca_an_scale_x=\u00bb1&#8243; ca_an_scale_y=\u00bb1&#8243; ca_an_scale_z=\u00bb1&#8243; ca_an_opacity=\u00bb1&#8243; use_custom_fonts_title=\u00bbtrue\u00bb enable_split=\u00bbtrue\u00bb fs=\u00bb36px\u00bb lh=\u00bb1.11em\u00bb]\u00bfC\u00f3mo funcionan las celdas solares?[\/ld_fancy_heading][vc_separator color=\u00bbcustom\u00bb accent_color=\u00bb#ddb707&#8243;][ld_fancy_heading tag=\u00bbp\u00bb]Todas las celdas solares trabajando en conjunto hacen que se produzca un <strong>campo el\u00e9ctrico<\/strong> en el panel solar y es as\u00ed como los paneles solares pueden generar energ\u00eda que posteriormente podemos utilizar como <strong>electricidad.<\/strong>[\/ld_fancy_heading][vc_separator color=\u00bbcustom\u00bb accent_color=\u00bb#ddb707&#8243;][\/vc_column][\/vc_row][vc_row equal_height=\u00bbyes\u00bb css=\u00bb.vc_custom_1615503146380{margin-top: -100px !important;}\u00bb][vc_column parallax=\u00bbyes\u00bb width=\u00bb1\/2&#8243; scale_from_x=\u00bb1&#8243; scale_from_y=\u00bb1&#8243; scale_from_z=\u00bb1&#8243; from_opacity=\u00bb1&#8243; scale_to_x=\u00bb1&#8243; scale_to_y=\u00bb1&#8243; scale_to_z=\u00bb1&#8243; to_opacity=\u00bb1&#8243; enable_content_animation=\u00bbyes\u00bb ca_init_scale_x=\u00bb1&#8243; ca_init_scale_y=\u00bb1&#8243; ca_init_scale_z=\u00bb1&#8243; ca_init_opacity=\u00bb1&#8243; ca_an_scale_x=\u00bb1&#8243; ca_an_scale_y=\u00bb1&#8243; ca_an_scale_z=\u00bb1&#8243; ca_an_opacity=\u00bb1&#8243; translate_from_y=\u00bb50&#8243; translate_to_y=\u00bb-50&#8243; ca_duration=\u00bb1200&#8243; ca_delay=\u00bb150&#8243; ca_init_translate_y=\u00bb34&#8243;][ld_fancy_heading tag=\u00bbp\u00bb]<span style=\"font-weight: 400;\">Las instalaciones que <strong>planea, instala y pone en marcha<\/strong> Sky Green se ejecutan bajo las dos modalidades disponibles de generaci\u00f3n, <strong>aut\u00f3noma o distribuida.<\/strong><\/span>[\/ld_fancy_heading][ld_fancy_heading tag=\u00bbp\u00bb]<span style=\"font-weight: 400;\">\u00c9stas operan a raz\u00f3n de la confiabilidad, seguridad, y continuidad que exige el Sistema El\u00e9ctrico Nacional.<\/span>[\/ld_fancy_heading][ld_spacer height=\u00bb100px\u00bb][\/vc_column][vc_column parallax=\u00bbyes\u00bb width=\u00bb1\/2&#8243; scale_from_x=\u00bb1&#8243; scale_from_y=\u00bb1&#8243; scale_from_z=\u00bb1&#8243; from_opacity=\u00bb1&#8243; scale_to_x=\u00bb1&#8243; scale_to_y=\u00bb1&#8243; scale_to_z=\u00bb1&#8243; to_opacity=\u00bb1&#8243; enable_content_animation=\u00bbyes\u00bb ca_init_scale_x=\u00bb1&#8243; ca_init_scale_y=\u00bb1&#8243; ca_init_scale_z=\u00bb1&#8243; ca_init_opacity=\u00bb1&#8243; ca_an_scale_x=\u00bb1&#8243; ca_an_scale_y=\u00bb1&#8243; ca_an_scale_z=\u00bb1&#8243; ca_an_opacity=\u00bb1&#8243; translate_from_y=\u00bb50&#8243; translate_to_y=\u00bb-50&#8243; ca_duration=\u00bb1200&#8243; ca_delay=\u00bb150&#8243; ca_init_translate_y=\u00bb34&#8243;][ld_fancy_heading tag=\u00bbp\u00bb]<span style=\"font-weight: 400;\">Cada una de ellas forman parte de nuestra cobertura <a href=\"https:\/\/skygreen.com.mx\/diseno-suministro-e-instalacion-llave-en-mano\/\"><strong>Proyecto Llave en Mano.<\/strong><\/a><\/span>[\/ld_fancy_heading][ld_fancy_heading tag=\u00bbp\u00bb]<span style=\"font-weight: 400;\">En ella otorgamos una gesti\u00f3n circular de todas las necesidades del programa para planificar, distribuir, poner en marcha y mantener en \u00f3ptimas condiciones una instalaci\u00f3n solar.<\/span>[\/ld_fancy_heading][ld_spacer height=\u00bb100px\u00bb][\/vc_column][\/vc_row][vc_row gap=\u00bb20&#8243; content_placement=\u00bbmiddle\u00bb][vc_column width=\u00bb1\/3&#8243;][\/vc_column][vc_column width=\u00bb1\/3&#8243; css=\u00bb.vc_custom_1615499470210{margin-left: 80px !important;}\u00bb][ld_button style=\u00bbbtn-solid\u00bb title=\u00bbCont\u00e1ctanos\u00bb shape=\u00bbround\u00bb link=\u00bburl:https%3A%2F%2Fskygreen.com.mx%2Fcontacto%2F|title:Contacto\u00bb color=\u00bbrgb(221, 183, 7)\u00bb hover_color=\u00bbrgb(94, 133, 46)\u00bb text_color=\u00bbrgb(255, 255, 255)\u00bb][ld_spacer][\/vc_column][vc_column width=\u00bb1\/3&#8243;][\/vc_column][\/vc_row]<\/p>\n","protected":false},"excerpt":{"rendered":"<p>[vc_row parallax=\u00bbenable_parallax\u00bb enable_overlay=\u00bbyes\u00bb css=\u00bb.vc_custom_1615594737966{margin-top: 55px !important;padding-top: 220px !important;padding-bottom: 220px !important;background-image: url(https:\/\/skygreen.com.mx\/wp-content\/uploads\/2020\/07\/15600-scaled-e1593646975855.jpg?id=5634) !important;background-position: center;background-repeat: no-repeat;background-size: cover !important;}\u00bb overlay_bg=\u00bbrgba(0, 0, 0, 0.27)\u00bb][vc_column enable_content_animation=\u00bbyes\u00bb ca_init_scale_x=\u00bb1&#8243; ca_init_scale_y=\u00bb1&#8243; ca_init_scale_z=\u00bb1&#8243; ca_init_opacity=\u00bb0&#8243; ca_an_scale_x=\u00bb1&#8243; ca_an_scale_y=\u00bb1&#8243; ca_an_scale_z=\u00bb1&#8243; ca_an_opacity=\u00bb1&#8243; offset=\u00bbvc_col-lg-5 vc_col-md-6&#8243; ca_duration=\u00bb1200&#8243; ca_delay=\u00bb180&#8243; ca_init_translate_y=\u00bb40&#8243; ca_init_translate_z=\u00bb-161&#8243; ca_init_rotate_x=\u00bb-80&#8243;][ld_fancy_heading tag=\u00bbh2&#8243; enable_underline=\u00bbyes\u00bb use_custom_fonts_title=\u00bbtrue\u00bb fs=\u00bb36px\u00bb lh=\u00bb1.111em\u00bb color=\u00bbrgb(255, 255, 255)\u00bb]Instalaci\u00f3n y Sistemas Fotovoltaicos[\/ld_fancy_heading][ld_spacer height=\u00bb22px\u00bb][ld_fancy_heading tag=\u00bbp\u00bb use_custom_fonts_title=\u00bbtrue\u00bb fs=\u00bb16px\u00bb lh=\u00bb1.78em\u00bb color=\u00bbrgb(255, 255, 255)\u00bb]Desarrollamos [&hellip;]<\/p>\n","protected":false},"author":1,"featured_media":0,"parent":0,"menu_order":0,"comment_status":"closed","ping_status":"closed","template":"","meta":{"footnotes":""},"class_list":["post-5578","page","type-page","status-publish","hentry"],"_links":{"self":[{"href":"https:\/\/skygreen.com.mx\/index.php?rest_route=\/wp\/v2\/pages\/5578","targetHints":{"allow":["GET"]}}],"collection":[{"href":"https:\/\/skygreen.com.mx\/index.php?rest_route=\/wp\/v2\/pages"}],"about":[{"href":"https:\/\/skygreen.com.mx\/index.php?rest_route=\/wp\/v2\/types\/page"}],"author":[{"embeddable":true,"href":"https:\/\/skygreen.com.mx\/index.php?rest_route=\/wp\/v2\/users\/1"}],"replies":[{"embeddable":true,"href":"https:\/\/skygreen.com.mx\/index.php?rest_route=%2Fwp%2Fv2%2Fcomments&post=5578"}],"version-history":[{"count":46,"href":"https:\/\/skygreen.com.mx\/index.php?rest_route=\/wp\/v2\/pages\/5578\/revisions"}],"predecessor-version":[{"id":6606,"href":"https:\/\/skygreen.com.mx\/index.php?rest_route=\/wp\/v2\/pages\/5578\/revisions\/6606"}],"wp:attachment":[{"href":"https:\/\/skygreen.com.mx\/index.php?rest_route=%2Fwp%2Fv2%2Fmedia&parent=5578"}],"curies":[{"name":"wp","href":"https:\/\/api.w.org\/{rel}","templated":true}]}}