{"id":18537,"date":"2023-03-01T17:52:50","date_gmt":"2023-03-01T17:52:50","guid":{"rendered":"https:\/\/skygreen.com.mx\/?page_id=18537"},"modified":"2026-04-10T21:19:34","modified_gmt":"2026-04-11T03:19:34","slug":"home","status":"publish","type":"page","link":"https:\/\/skygreen.com.mx\/","title":{"rendered":"Home"},"content":{"rendered":"<p>Gesti\u00f3n de proyectos estrat\u00e9gicos   para optimizar climatizaci\u00f3n empresarial y energ\u00eda el\u00e9ctrica con base en ISO 50001Quiero saber m\u00e1sEstrategias especializadas y soluciones para consumo energ\u00e9tico empresarialEficiencia y mejora del consumo para empresas que desean pagar menos energ\u00edaQuiero saber m\u00e1s<br \/>\n<svg aria-hidden=\"true\" viewBox=\"0 0 1000 1000\" xmlns=\"http:\/\/www.w3.org\/2000\/svg\"><path d=\"M646 125C629 125 613 133 604 142L308 442C296 454 292 471 292 487 292 504 296 521 308 533L604 854C617 867 629 875 646 875 663 875 679 871 692 858 704 846 713 829 713 812 713 796 708 779 692 767L438 487 692 225C700 217 708 204 708 187 708 171 704 154 692 142 675 129 663 125 646 125Z\"><\/path><\/svg>\t\t\t\t\t\t\tPrevious slide<br \/>\n<svg aria-hidden=\"true\" viewBox=\"0 0 1000 1000\" xmlns=\"http:\/\/www.w3.org\/2000\/svg\"><path d=\"M696 533C708 521 713 504 713 487 713 471 708 454 696 446L400 146C388 133 375 125 354 125 338 125 325 129 313 142 300 154 292 171 292 187 292 204 296 221 308 233L563 492 304 771C292 783 288 800 288 817 288 833 296 850 308 863 321 871 338 875 354 875 371 875 388 867 400 854L696 533Z\"><\/path><\/svg>\t\t\t\t\t\t\tNext slide<br \/>\n<a href=\"https:\/\/skygreen.com.mx\/climatizacion-empresarial\/\" tabindex=\"-1\"><br \/>\n<svg aria-hidden=\"true\" viewBox=\"0 0 512 512\" xmlns=\"http:\/\/www.w3.org\/2000\/svg\"><path d=\"M156.7 256H16c-8.8 0-16 7.2-16 16v32c0 8.8 7.2 16 16 16h142.2c15.9 0 30.8 10.9 33.4 26.6 3.3 20-12.1 37.4-31.6 37.4-14.1 0-26.1-9.2-30.4-21.9-2.1-6.3-8.6-10.1-15.2-10.1H81.6c-9.8 0-17.7 8.8-15.9 18.4 8.6 44.1 47.6 77.6 94.2 77.6 57.1 0 102.7-50.1 95.2-108.6C249 291 205.4 256 156.7 256zM16 224h336c59.7 0 106.8-54.8 93.8-116.7-7.6-36.2-36.9-65.5-73.1-73.1-55.4-11.6-105.1 24.9-114.9 75.5-1.9 9.6 6.1 18.3 15.8 18.3h32.8c6.7 0 13.1-3.8 15.2-10.1C325.9 105.2 337.9 96 352 96c19.4 0 34.9 17.4 31.6 37.4-2.6 15.7-17.4 26.6-33.4 26.6H16c-8.8 0-16 7.2-16 16v32c0 8.8 7.2 16 16 16zm384 32H243.7c19.3 16.6 33.2 38.8 39.8 64H400c26.5 0 48 21.5 48 48s-21.5 48-48 48c-17.9 0-33.3-9.9-41.6-24.4-2.9-5-8.7-7.6-14.5-7.6h-33.8c-10.9 0-19 10.8-15.3 21.1 17.8 50.6 70.5 84.8 129.4 72.3 41.2-8.7 75.1-41.6 84.7-82.7C526 321.5 470.5 256 400 256z\"><\/path><\/svg>\t\t\t\t<\/a><\/p>\n<h3>\n\t\t\t\t\t<a href=\"https:\/\/skygreen.com.mx\/climatizacion-empresarial\/\" ><br \/>\nClimatizaci\u00f3n empresarial\t\t\t\t\t<\/a><\/h3>\n<p>Dise\u00f1amos, suministramos, e instalamos aires acondicionados de alta eficiencia  para empresas y negocios, en pro de tu comodidad y tu econom\u00eda.<\/p>\n<p><a href=\"https:\/\/skygreen.com.mx\/climatizacion-empresarial\/\"><br \/>\nConoce m\u00e1s >><br \/>\n<\/a><br \/>\n<a href=\"https:\/\/skygreen.com.mx\/consumo-energetico-empresarial\/\" tabindex=\"-1\"><br \/>\n<svg aria-hidden=\"true\" viewBox=\"0 0 320 512\" xmlns=\"http:\/\/www.w3.org\/2000\/svg\"><path d=\"M296 160H180.6l42.6-129.8C227.2 15 215.7 0 200 0H56C44 0 33.8 8.9 32.2 20.8l-32 240C-1.7 275.2 9.5 288 24 288h118.7L96.6 482.5c-3.6 15.2 8 29.5 23.3 29.5 8.4 0 16.4-4.4 20.8-12l176-304c9.3-15.9-2.2-36-20.7-36z\"><\/path><\/svg>\t\t\t\t<\/a><\/p>\n<h3>\n\t\t\t\t\t<a href=\"https:\/\/skygreen.com.mx\/consumo-energetico-empresarial\/\" ><br \/>\nConsumo Energ\u00e9tico Empresarial Inteligente\t\t\t\t\t<\/a><\/h3>\n<p>Reduce tu consumo energ\u00e9tico a trav\u00e9s de soluciones de ingenier\u00eda el\u00e9ctrica y estudios especializados.<\/p>\n<p><a href=\"https:\/\/skygreen.com.mx\/consumo-energetico-empresarial\/\"><br \/>\nConoce m\u00e1s >><br \/>\n<\/a><br \/>\n<a href=\"https:\/\/skygreen.com.mx\/tienda\/\" tabindex=\"-1\"><br \/>\n<svg aria-hidden=\"true\" viewBox=\"0 0 576 512\" xmlns=\"http:\/\/www.w3.org\/2000\/svg\"><path d=\"M528.12 301.319l47.273-208C578.806 78.301 567.391 64 551.99 64H159.208l-9.166-44.81C147.758 8.021 137.93 0 126.529 0H24C10.745 0 0 10.745 0 24v16c0 13.255 10.745 24 24 24h69.883l70.248 343.435C147.325 417.1 136 435.222 136 456c0 30.928 25.072 56 56 56s56-25.072 56-56c0-15.674-6.447-29.835-16.824-40h209.647C430.447 426.165 424 440.326 424 456c0 30.928 25.072 56 56 56s56-25.072 56-56c0-22.172-12.888-41.332-31.579-50.405l5.517-24.276c3.413-15.018-8.002-29.319-23.403-29.319H218.117l-6.545-32h293.145c11.206 0 20.92-7.754 23.403-18.681z\"><\/path><\/svg>\t\t\t\t<\/a><\/p>\n<h3>\n\t\t\t\t\t<a href=\"https:\/\/skygreen.com.mx\/tienda\/\" ><br \/>\nTienda en l\u00ednea\t\t\t\t\t<\/a><\/h3>\n<p>Obt\u00e9n los art\u00edculos que necesitas para tus instalaciones, al mejor precio y con la mejor tecnolog\u00eda de eficiencia energ\u00e9tica.<\/p>\n<p><a href=\"https:\/\/skygreen.com.mx\/tienda\/\"><br \/>\nConoce m\u00e1s >><br \/>\n<\/a><br \/>\n<a href=\"https:\/\/skygreen.com.mx\/blog-noticias-aire-energia\/\" tabindex=\"-1\"><br \/>\n<svg aria-hidden=\"true\" viewBox=\"0 0 576 512\" xmlns=\"http:\/\/www.w3.org\/2000\/svg\"><path d=\"M532 386.2c27.5-27.1 44-61.1 44-98.2 0-80-76.5-146.1-176.2-157.9C368.3 72.5 294.3 32 208 32 93.1 32 0 103.6 0 192c0 37 16.5 71 44 98.2-15.3 30.7-37.3 54.5-37.7 54.9-6.3 6.7-8.1 16.5-4.4 25 3.6 8.5 12 14 21.2 14 53.5 0 96.7-20.2 125.2-38.8 9.2 2.1 18.7 3.7 28.4 4.9C208.1 407.6 281.8 448 368 448c20.8 0 40.8-2.4 59.8-6.8C456.3 459.7 499.4 480 553 480c9.2 0 17.5-5.5 21.2-14 3.6-8.5 1.9-18.3-4.4-25-.4-.3-22.5-24.1-37.8-54.8zm-392.8-92.3L122.1 305c-14.1 9.1-28.5 16.3-43.1 21.4 2.7-4.7 5.4-9.7 8-14.8l15.5-31.1L77.7 256C64.2 242.6 48 220.7 48 192c0-60.7 73.3-112 160-112s160 51.3 160 112-73.3 112-160 112c-16.5 0-33-1.9-49-5.6l-19.8-4.5zM498.3 352l-24.7 24.4 15.5 31.1c2.6 5.1 5.3 10.1 8 14.8-14.6-5.1-29-12.3-43.1-21.4l-17.1-11.1-19.9 4.6c-16 3.7-32.5 5.6-49 5.6-54 0-102.2-20.1-131.3-49.7C338 339.5 416 272.9 416 192c0-3.4-.4-6.7-.7-10C479.7 196.5 528 238.8 528 288c0 28.7-16.2 50.6-29.7 64z\"><\/path><\/svg>\t\t\t\t<\/a><\/p>\n<h3>\n\t\t\t\t\t<a href=\"https:\/\/skygreen.com.mx\/blog-noticias-aire-energia\/\" ><br \/>\nHablemos de Aire y Energ\u00eda\t\t\t\t\t<\/a><\/h3>\n<p>Conoce nuestro blog en donde elaboramos art\u00edculos, puntos de vista y nos actualizamos acerca de la climatizaci\u00f3n empresarial y la energ\u00eda.<\/p>\n<p><a href=\"https:\/\/skygreen.com.mx\/blog-noticias-aire-energia\/\"><br \/>\nConoce m\u00e1s >><br \/>\n<\/a><\/p>\n<p><a href=\"https:\/\/skygreen.com.mx\/climatizacion-empresarial\/\">Transforma tus entornos empresariales con climatizaci\u00f3n de alta eficiencia<\/a><\/p>\n<p>Sky Green, climatizaci\u00f3n empresarial para cualquier rubro que requiera aires acondicionados como empresas, negocios y entornos industriales.<\/p>\n<p><a data-elementor-open-lightbox=\"yes\" data-elementor-lightbox-slideshow=\"29d1036\" data-elementor-lightbox-title=\"Climatizaci\u00f3n bares\" data-e-action-hash=\"#elementor-action%3Aaction%3Dlightbox%26settings%3DeyJpZCI6MTg2NTAsInVybCI6Imh0dHBzOlwvXC9za3lncmVlbi5jb20ubXhcL3dwLWNvbnRlbnRcL3VwbG9hZHNcL0NsaW1hdGl6YWNpb24tYmFyZXMud2VicCIsInNsaWRlc2hvdyI6IjI5ZDEwMzYifQ%3D%3D\" href=\"https:\/\/skygreen.com.mx\/climatizacion-empresarial\/\"><\/p>\n<figure><img decoding=\"async\" src=\"https:\/\/skygreen.com.mx\/wp-content\/uploads\/Climatizacion-bares.webp\" alt=\"Sky Green climatizaci\u00f3n empresarial\" \/><\/figure>\n<p><\/a><a data-elementor-open-lightbox=\"yes\" data-elementor-lightbox-slideshow=\"29d1036\" data-elementor-lightbox-title=\"Climatizaci\u00f3n Cl\u00ednicas\" data-e-action-hash=\"#elementor-action%3Aaction%3Dlightbox%26settings%3DeyJpZCI6MTg2NTEsInVybCI6Imh0dHBzOlwvXC9za3lncmVlbi5jb20ubXhcL3dwLWNvbnRlbnRcL3VwbG9hZHNcL0NsaW1hdGl6YWNpb24tQ2xpbmljYXMud2VicCIsInNsaWRlc2hvdyI6IjI5ZDEwMzYifQ%3D%3D\" href=\"https:\/\/skygreen.com.mx\/climatizacion-empresarial\/\"><\/p>\n<figure><img decoding=\"async\" src=\"https:\/\/skygreen.com.mx\/wp-content\/uploads\/Climatizacion-Clinicas.webp\" alt=\"Sky Green climatizaci\u00f3n empresarial\" \/><\/figure>\n<p><\/a><a data-elementor-open-lightbox=\"yes\" data-elementor-lightbox-slideshow=\"29d1036\" data-elementor-lightbox-title=\"Climatizaci\u00f3n Data centers\" data-e-action-hash=\"#elementor-action%3Aaction%3Dlightbox%26settings%3DeyJpZCI6MTg2NTIsInVybCI6Imh0dHBzOlwvXC9za3lncmVlbi5jb20ubXhcL3dwLWNvbnRlbnRcL3VwbG9hZHNcL0NsaW1hdGl6YWNpb24tRGF0YS1jZW50ZXJzLndlYnAiLCJzbGlkZXNob3ciOiIyOWQxMDM2In0%3D\" href=\"https:\/\/skygreen.com.mx\/climatizacion-empresarial\/\"><\/p>\n<figure><img decoding=\"async\" src=\"https:\/\/skygreen.com.mx\/wp-content\/uploads\/Climatizacion-Data-centers.webp\" alt=\"Sky Green climatizaci\u00f3n empresarial\" \/><\/figure>\n<p><\/a><a data-elementor-open-lightbox=\"yes\" data-elementor-lightbox-slideshow=\"29d1036\" data-elementor-lightbox-title=\"Climatizaci\u00f3n Edificio multinivel\" data-e-action-hash=\"#elementor-action%3Aaction%3Dlightbox%26settings%3DeyJpZCI6MTg2NTMsInVybCI6Imh0dHBzOlwvXC9za3lncmVlbi5jb20ubXhcL3dwLWNvbnRlbnRcL3VwbG9hZHNcL0NsaW1hdGl6YWNpb24tRWRpZmljaW8tbXVsdGluaXZlbC53ZWJwIiwic2xpZGVzaG93IjoiMjlkMTAzNiJ9\" href=\"https:\/\/skygreen.com.mx\/climatizacion-empresarial\/\"><\/p>\n<figure><img decoding=\"async\" src=\"https:\/\/skygreen.com.mx\/wp-content\/uploads\/Climatizacion-Edificio-multinivel.webp\" alt=\"Sky Green climatizaci\u00f3n empresarial\" \/><\/figure>\n<p><\/a><a data-elementor-open-lightbox=\"yes\" data-elementor-lightbox-slideshow=\"29d1036\" data-elementor-lightbox-title=\"Climatizaci\u00f3n Escuelas\" data-e-action-hash=\"#elementor-action%3Aaction%3Dlightbox%26settings%3DeyJpZCI6MTg2NTQsInVybCI6Imh0dHBzOlwvXC9za3lncmVlbi5jb20ubXhcL3dwLWNvbnRlbnRcL3VwbG9hZHNcL0NsaW1hdGl6YWNpb24tRXNjdWVsYXMud2VicCIsInNsaWRlc2hvdyI6IjI5ZDEwMzYifQ%3D%3D\" href=\"https:\/\/skygreen.com.mx\/climatizacion-empresarial\/\"><\/p>\n<figure><img decoding=\"async\" src=\"https:\/\/skygreen.com.mx\/wp-content\/uploads\/Climatizacion-Escuelas.webp\" alt=\"Sky Green climatizaci\u00f3n empresarial\" \/><\/figure>\n<p><\/a><a data-elementor-open-lightbox=\"yes\" data-elementor-lightbox-slideshow=\"29d1036\" data-elementor-lightbox-title=\"Climatizaci\u00f3n Gimnasios\" data-e-action-hash=\"#elementor-action%3Aaction%3Dlightbox%26settings%3DeyJpZCI6MTg2NTUsInVybCI6Imh0dHBzOlwvXC9za3lncmVlbi5jb20ubXhcL3dwLWNvbnRlbnRcL3VwbG9hZHNcL0NsaW1hdGl6YWNpb24tR2ltbmFzaW9zLndlYnAiLCJzbGlkZXNob3ciOiIyOWQxMDM2In0%3D\" href=\"https:\/\/skygreen.com.mx\/climatizacion-empresarial\/\"><\/p>\n<figure><img decoding=\"async\" src=\"https:\/\/skygreen.com.mx\/wp-content\/uploads\/Climatizacion-Gimnasios.webp\" alt=\"Sky Green climatizaci\u00f3n empresarial\" \/><\/figure>\n<p><\/a><a data-elementor-open-lightbox=\"yes\" data-elementor-lightbox-slideshow=\"29d1036\" data-elementor-lightbox-title=\"Climatizaci\u00f3n Hoteles y alojamientos\" data-e-action-hash=\"#elementor-action%3Aaction%3Dlightbox%26settings%3DeyJpZCI6MTg2NTYsInVybCI6Imh0dHBzOlwvXC9za3lncmVlbi5jb20ubXhcL3dwLWNvbnRlbnRcL3VwbG9hZHNcL0NsaW1hdGl6YWNpb24tSG90ZWxlcy15LWFsb2phbWllbnRvcy53ZWJwIiwic2xpZGVzaG93IjoiMjlkMTAzNiJ9\" href=\"https:\/\/skygreen.com.mx\/climatizacion-empresarial\/\"><\/p>\n<figure><img decoding=\"async\" src=\"https:\/\/skygreen.com.mx\/wp-content\/uploads\/Climatizacion-Hoteles-y-alojamientos.webp\" alt=\"Sky Green climatizaci\u00f3n empresarial\" \/><\/figure>\n<p><\/a><a data-elementor-open-lightbox=\"yes\" data-elementor-lightbox-slideshow=\"29d1036\" data-elementor-lightbox-title=\"Climatizaci\u00f3n Nave industrial\" data-e-action-hash=\"#elementor-action%3Aaction%3Dlightbox%26settings%3DeyJpZCI6MTg2NTcsInVybCI6Imh0dHBzOlwvXC9za3lncmVlbi5jb20ubXhcL3dwLWNvbnRlbnRcL3VwbG9hZHNcL0NsaW1hdGl6YWNpb24tTmF2ZS1pbmR1c3RyaWFsLndlYnAiLCJzbGlkZXNob3ciOiIyOWQxMDM2In0%3D\" href=\"https:\/\/skygreen.com.mx\/climatizacion-empresarial\/\"><\/p>\n<figure><img decoding=\"async\" src=\"https:\/\/skygreen.com.mx\/wp-content\/uploads\/Climatizacion-Nave-industrial.webp\" alt=\"Climatizaci\u00f3n Nave industrial\" \/><\/figure>\n<p><\/a><a data-elementor-open-lightbox=\"yes\" data-elementor-lightbox-slideshow=\"29d1036\" data-elementor-lightbox-title=\"Climatizaci\u00f3n Oficinas y callcenter\" data-e-action-hash=\"#elementor-action%3Aaction%3Dlightbox%26settings%3DeyJpZCI6MTg2NTgsInVybCI6Imh0dHBzOlwvXC9za3lncmVlbi5jb20ubXhcL3dwLWNvbnRlbnRcL3VwbG9hZHNcL0NsaW1hdGl6YWNpb24tT2ZpY2luYXMteS1jYWxsY2VudGVyLndlYnAiLCJzbGlkZXNob3ciOiIyOWQxMDM2In0%3D\" href=\"https:\/\/skygreen.com.mx\/climatizacion-empresarial\/\"><\/p>\n<figure><img decoding=\"async\" src=\"https:\/\/skygreen.com.mx\/wp-content\/uploads\/Climatizacion-Oficinas-y-callcenter.webp\" alt=\"Climatizaci\u00f3n Oficinas y callcenter\" \/><\/figure>\n<p><\/a><a data-elementor-open-lightbox=\"yes\" data-elementor-lightbox-slideshow=\"29d1036\" data-elementor-lightbox-title=\"Climatizaci\u00f3n Plaza comercial\" data-e-action-hash=\"#elementor-action%3Aaction%3Dlightbox%26settings%3DeyJpZCI6MTg2NTksInVybCI6Imh0dHBzOlwvXC9za3lncmVlbi5jb20ubXhcL3dwLWNvbnRlbnRcL3VwbG9hZHNcL0NsaW1hdGl6YWNpb24tUGxhemEtY29tZXJjaWFsLndlYnAiLCJzbGlkZXNob3ciOiIyOWQxMDM2In0%3D\" href=\"https:\/\/skygreen.com.mx\/climatizacion-empresarial\/\"><\/p>\n<figure><img decoding=\"async\" src=\"https:\/\/skygreen.com.mx\/wp-content\/uploads\/Climatizacion-Plaza-comercial.webp\" alt=\"Climatizaci\u00f3n Plaza comercial\" \/><\/figure>\n<p><\/a><a data-elementor-open-lightbox=\"yes\" data-elementor-lightbox-slideshow=\"29d1036\" data-elementor-lightbox-title=\"Climatizaci\u00f3n Restaurantes\" data-e-action-hash=\"#elementor-action%3Aaction%3Dlightbox%26settings%3DeyJpZCI6MTg2NjAsInVybCI6Imh0dHBzOlwvXC9za3lncmVlbi5jb20ubXhcL3dwLWNvbnRlbnRcL3VwbG9hZHNcL0NsaW1hdGl6YWNpb24tUmVzdGF1cmFudGVzLndlYnAiLCJzbGlkZXNob3ciOiIyOWQxMDM2In0%3D\" href=\"https:\/\/skygreen.com.mx\/climatizacion-empresarial\/\"><\/p>\n<figure><img decoding=\"async\" src=\"https:\/\/skygreen.com.mx\/wp-content\/uploads\/Climatizacion-Restaurantes.webp\" alt=\"Climatizaci\u00f3n Restaurantes\" \/><\/figure>\n<p><\/a><a data-elementor-open-lightbox=\"yes\" data-elementor-lightbox-slideshow=\"29d1036\" data-elementor-lightbox-title=\"Climatizaci\u00f3n teatros\" data-e-action-hash=\"#elementor-action%3Aaction%3Dlightbox%26settings%3DeyJpZCI6MTg2NjEsInVybCI6Imh0dHBzOlwvXC9za3lncmVlbi5jb20ubXhcL3dwLWNvbnRlbnRcL3VwbG9hZHNcL0NsaW1hdGl6YWNpb24tdGVhdHJvcy53ZWJwIiwic2xpZGVzaG93IjoiMjlkMTAzNiJ9\" href=\"https:\/\/skygreen.com.mx\/climatizacion-empresarial\/\"><\/p>\n<figure><img decoding=\"async\" src=\"https:\/\/skygreen.com.mx\/wp-content\/uploads\/Climatizacion-teatros.webp\" alt=\"Climatizaci\u00f3n teatros\" \/><\/figure>\n<p><\/a><br \/>\n<svg aria-hidden=\"true\" viewBox=\"0 0 1000 1000\" xmlns=\"http:\/\/www.w3.org\/2000\/svg\"><path d=\"M646 125C629 125 613 133 604 142L308 442C296 454 292 471 292 487 292 504 296 521 308 533L604 854C617 867 629 875 646 875 663 875 679 871 692 858 704 846 713 829 713 812 713 796 708 779 692 767L438 487 692 225C700 217 708 204 708 187 708 171 704 154 692 142 675 129 663 125 646 125Z\"><\/path><\/svg><br \/>\n<svg aria-hidden=\"true\" viewBox=\"0 0 1000 1000\" xmlns=\"http:\/\/www.w3.org\/2000\/svg\"><path d=\"M696 533C708 521 713 504 713 487 713 471 708 454 696 446L400 146C388 133 375 125 354 125 338 125 325 129 313 142 300 154 292 171 292 187 292 204 296 221 308 233L563 492 304 771C292 783 288 800 288 817 288 833 296 850 308 863 321 871 338 875 354 875 371 875 388 867 400 854L696 533Z\"><\/path><\/svg><br \/>\n<a data-elementor-open-lightbox=\"yes\" data-elementor-lightbox-slideshow=\"87da8e8\" data-elementor-lightbox-title=\"empresa-skygreen\" data-e-action-hash=\"#elementor-action%3Aaction%3Dlightbox%26settings%3DeyJpZCI6MTg2NjUsInVybCI6Imh0dHBzOlwvXC9za3lncmVlbi5jb20ubXhcL3dwLWNvbnRlbnRcL3VwbG9hZHNcL2VtcHJlc2Etc2t5Z3JlZW4ud2VicCIsInNsaWRlc2hvdyI6Ijg3ZGE4ZTgifQ%3D%3D\" href=\"https:\/\/skygreen.com.mx\/consumo-energetico-empresarial\/\"><\/p>\n<figure><img decoding=\"async\" src=\"https:\/\/skygreen.com.mx\/wp-content\/uploads\/empresa-skygreen.webp\" alt=\"Sky Green climatizaci\u00f3n energ\u00eda\" \/><\/figure>\n<p><\/a><a data-elementor-open-lightbox=\"yes\" data-elementor-lightbox-slideshow=\"87da8e8\" data-elementor-lightbox-title=\"Proyectos-de-climatizacion-y-energia-1\" data-e-action-hash=\"#elementor-action%3Aaction%3Dlightbox%26settings%3DeyJpZCI6MTg2NjYsInVybCI6Imh0dHBzOlwvXC9za3lncmVlbi5jb20ubXhcL3dwLWNvbnRlbnRcL3VwbG9hZHNcL1Byb3llY3Rvcy1kZS1jbGltYXRpemFjaW9uLXktZW5lcmdpYS0xLndlYnAiLCJzbGlkZXNob3ciOiI4N2RhOGU4In0%3D\" href=\"https:\/\/skygreen.com.mx\/consumo-energetico-empresarial\/\"><\/p>\n<figure><img decoding=\"async\" src=\"https:\/\/skygreen.com.mx\/wp-content\/uploads\/Proyectos-de-climatizacion-y-energia-1.webp\" alt=\"Proyectos-de-climatizacion-y-energia-1\" \/><\/figure>\n<p><\/a><a data-elementor-open-lightbox=\"yes\" data-elementor-lightbox-slideshow=\"87da8e8\" data-elementor-lightbox-title=\"Proyectos-de-climatizacion-y-energia-4\" data-e-action-hash=\"#elementor-action%3Aaction%3Dlightbox%26settings%3DeyJpZCI6MTg2NjcsInVybCI6Imh0dHBzOlwvXC9za3lncmVlbi5jb20ubXhcL3dwLWNvbnRlbnRcL3VwbG9hZHNcL1Byb3llY3Rvcy1kZS1jbGltYXRpemFjaW9uLXktZW5lcmdpYS00LndlYnAiLCJzbGlkZXNob3ciOiI4N2RhOGU4In0%3D\" href=\"https:\/\/skygreen.com.mx\/consumo-energetico-empresarial\/\"><\/p>\n<figure><img decoding=\"async\" src=\"https:\/\/skygreen.com.mx\/wp-content\/uploads\/Proyectos-de-climatizacion-y-energia-4-660x500.webp\" alt=\"Proyectos-de-climatizacion-y-energia-4\" \/><\/figure>\n<p><\/a><br \/>\n<svg aria-hidden=\"true\" viewBox=\"0 0 1000 1000\" xmlns=\"http:\/\/www.w3.org\/2000\/svg\"><path d=\"M646 125C629 125 613 133 604 142L308 442C296 454 292 471 292 487 292 504 296 521 308 533L604 854C617 867 629 875 646 875 663 875 679 871 692 858 704 846 713 829 713 812 713 796 708 779 692 767L438 487 692 225C700 217 708 204 708 187 708 171 704 154 692 142 675 129 663 125 646 125Z\"><\/path><\/svg><br \/>\n<svg aria-hidden=\"true\" viewBox=\"0 0 1000 1000\" xmlns=\"http:\/\/www.w3.org\/2000\/svg\"><path d=\"M696 533C708 521 713 504 713 487 713 471 708 454 696 446L400 146C388 133 375 125 354 125 338 125 325 129 313 142 300 154 292 171 292 187 292 204 296 221 308 233L563 492 304 771C292 783 288 800 288 817 288 833 296 850 308 863 321 871 338 875 354 875 371 875 388 867 400 854L696 533Z\"><\/path><\/svg><\/p>\n<p><a href=\"https:\/\/skygreen.com.mx\/consumo-energetico-empresarial\/\">Reduce tu factura de luz a trav\u00e9s de nuestras soluciones de consumo energ\u00e9tico empresarial<\/a><\/p>\n<p>Para cualquier rubro que requiera reducir su consumo energ\u00e9tico, mejorar las condiciones de seguridad, continuidad y eficiencia energ\u00e9tica.<\/p>\n<h1><a href=\"https:\/\/skygreen.com.mx\/tienda\/\">Conoce los productos de nuestra tienda en l\u00ednea<\/a><\/h1>\n<p><a href=\"https:\/\/skygreen.com.mx\/tienda\/\">Conoce m\u00e1s &gt;&gt;<\/a><\/p>\n<h3><a href=\"https:\/\/www.facebook.com\/SkyGreenEnergia\/\">Descubre c\u00f3mo Sky Green, climatizaci\u00f3n empresarial transforma negocios a trav\u00e9s de soluciones de eficiencia energ\u00e9tica <\/a><\/h3>\n<p>Optimiza tu consumo de energ\u00eda y ahorra costos, sin prescindir de atm\u00f3sferas c\u00f3modas y cumpliendo normativa.<\/p>\n<p><svg xmlns=\"http:\/\/www.w3.org\/2000\/svg\" id=\"bbc9790f-21ea-499d-afe1-12e80611303d\" data-name=\"Layer 1\" width=\"325\" height=\"325\" viewBox=\"0 0 325 325\"><defs><\/p>\n<style>.ae316a3c-e74a-4971-a5d5-bd8f42c1997f{fill-rule:evenodd;}<\/style>\n<p><\/defs><path d=\"M325,0H0V170H155V325H325Z\"><\/path><\/svg><br \/>\n<a tabindex=\"0\">Anteproyectos, estudios y diagn\u00f3sticos<\/a><\/p>\n<p>La primera fase de servicios se centra en recopilar informaci\u00f3n precisa sobre el consumo energ\u00e9tico de las empresas y sus instalaciones, para proporcionar soluciones t\u00e9cnicas y planificar adecuadamente en pro de satisfacer las necesidades energ\u00e9ticas y de confort.<\/p>\n<p><a tabindex=\"0\">Dise\u00f1o de ingenier\u00eda y planificaci\u00f3n<\/a><\/p>\n<p>En esta etapa, realizamos c\u00e1lculos, dise\u00f1os y esquematizaciones personalizadas para maximizar el confort y la eficiencia energ\u00e9tica. Tambi\u00e9n abordamos las problem\u00e1ticas de consumo energ\u00e9tico empresarial, donde planificamos la puesta en marcha del proyecto y las acciones a realizar.<\/p>\n<p><a tabindex=\"0\">Suministro e Instalaci\u00f3n<\/a><\/p>\n<p>Proporcionamos e Instalamos tecnolog\u00eda de alta eficiencia energ\u00e9tica para la climatizaci\u00f3n y para la gesti\u00f3n de la energ\u00eda empresarial, lo que resulta en ahorros y mayor productividad.<\/p>\n<p>Contamos con personal t\u00e9cnico capacitado, gestores de ingenier\u00eda especialistas y herramientas certificadas para llevar a cabo la intervenci\u00f3n en sitio.<\/p>\n<p><a tabindex=\"0\">Revisi\u00f3n y p\u00f3lizas de mantenimiento preventivo <\/a><\/p>\n<p>Realizamos un acompa\u00f1amiento t\u00e9cnico continuo para supervisar el cumplimiento de objetivos.<\/p>\n<p>Integramos p\u00f3lizas de mantenimiento preventivo y revisi\u00f3n de instalaciones que incluye supervisi\u00f3n de instalaci\u00f3n y seguimiento de proyecto.<\/p>\n<p><a tabindex=\"0\">Proyectos de mejora continua<\/a><\/p>\n<p>Siguiendo con la inercia de la etapa anterior, integramos procesos para lograr m\u00e1s resultados de eficiencia energ\u00e9tica e implementaci\u00f3n de energ\u00eda limpia, en un contexto de mejora continua, sea de climatizaci\u00f3n o de consumo energ\u00e9tico empresarial.<\/p>\n<p><a role=\"button\"><br \/>\nQuiero saber m\u00e1s<br \/>\n<\/a><\/p>\n<h2>\u00bfQu\u00e9 esperas para<br \/>\nmejorar la climatizaci\u00f3n<br \/>\npara tu empresa?<\/h2>\n<p>\u00a1No pierdas m\u00e1s el tiempo para reducir tus facturas de luz y mejorar la climatizaci\u00f3n de tu empresa!&nbsp;<\/p>\n<p>Cu\u00e9ntanos acerca de tus necesidades y te brindaremos una respuesta inmediata.&nbsp;<\/p>\n<p><svg xmlns=\"http:\/\/www.w3.org\/2000\/svg\" id=\"bbc9790f-21ea-499d-afe1-12e80611303d\" data-name=\"Layer 1\" width=\"325\" height=\"325\" viewBox=\"0 0 325 325\"><defs><\/p>\n<style>.ae316a3c-e74a-4971-a5d5-bd8f42c1997f{fill-rule:evenodd;}<\/style>\n<p><\/defs><path d=\"M325,0H0V170H155V325H325Z\"><\/path><\/svg><br \/>\n\u25e6 Conoce nuestros clientes  \u25e6 Proyectos comerciales  \u25e6 Conoce a nuestros clientes  \u25e6 Proyectos empresariales<\/p>\n<figure><img decoding=\"async\" src=\"https:\/\/skygreen.com.mx\/wp-content\/uploads\/Barcelo-Cliente.webp\" alt=\"Barcelo-Cliente\" \/><\/figure>\n<figure><img decoding=\"async\" src=\"https:\/\/skygreen.com.mx\/wp-content\/uploads\/Bimbo-Cliente.webp\" alt=\"Bimbo-Cliente\" \/><\/figure>\n<figure><img decoding=\"async\" src=\"https:\/\/skygreen.com.mx\/wp-content\/uploads\/Cliente-Nestle.webp\" alt=\"Cliente-Nestle\" \/><\/figure>\n<figure><img decoding=\"async\" src=\"https:\/\/skygreen.com.mx\/wp-content\/uploads\/Edo-Durango-Cliente.webp\" alt=\"Edo-Durango-Cliente\" \/><\/figure>\n<figure><img decoding=\"async\" src=\"https:\/\/skygreen.com.mx\/wp-content\/uploads\/Gabbsa-Cliente.webp\" alt=\"Gabbsa-Cliente\" \/><\/figure>\n<figure><img decoding=\"async\" src=\"https:\/\/skygreen.com.mx\/wp-content\/uploads\/grupak_papel_carton_g-1.webp\" alt=\"grupak_papel_carton_g (1)\" \/><\/figure>\n<figure><img decoding=\"async\" src=\"https:\/\/skygreen.com.mx\/wp-content\/uploads\/Hertta-house-Cliente-.webp\" alt=\"Hertta-house-Cliente-\" \/><\/figure>\n<figure><img decoding=\"async\" src=\"https:\/\/skygreen.com.mx\/wp-content\/uploads\/Hoteles-Mision-Cliente.webp\" alt=\"Hoteles-Mision-Cliente\" \/><\/figure>\n<figure><img decoding=\"async\" src=\"https:\/\/skygreen.com.mx\/wp-content\/uploads\/IMTA-Cliente.webp\" alt=\"IMTA-Cliente\" \/><\/figure>\n<figure><img decoding=\"async\" src=\"https:\/\/skygreen.com.mx\/wp-content\/uploads\/John-Deere-Cliente.webp\" alt=\"John-Deere-Cliente\" \/><\/figure>\n<figure><img decoding=\"async\" src=\"https:\/\/skygreen.com.mx\/wp-content\/uploads\/Lincoln-electric.webp\" alt=\"Lincoln-electric\" \/><\/figure>\n<figure><img decoding=\"async\" src=\"https:\/\/skygreen.com.mx\/wp-content\/uploads\/Poder-judicial-Cliente.webp\" alt=\"Poder-judicial-Cliente\" \/><\/figure>\n<p><svg aria-hidden=\"true\" viewBox=\"0 0 1000 1000\" xmlns=\"http:\/\/www.w3.org\/2000\/svg\"><path d=\"M646 125C629 125 613 133 604 142L308 442C296 454 292 471 292 487 292 504 296 521 308 533L604 854C617 867 629 875 646 875 663 875 679 871 692 858 704 846 713 829 713 812 713 796 708 779 692 767L438 487 692 225C700 217 708 204 708 187 708 171 704 154 692 142 675 129 663 125 646 125Z\"><\/path><\/svg><br \/>\n<svg aria-hidden=\"true\" viewBox=\"0 0 1000 1000\" xmlns=\"http:\/\/www.w3.org\/2000\/svg\"><path d=\"M696 533C708 521 713 504 713 487 713 471 708 454 696 446L400 146C388 133 375 125 354 125 338 125 325 129 313 142 300 154 292 171 292 187 292 204 296 221 308 233L563 492 304 771C292 783 288 800 288 817 288 833 296 850 308 863 321 871 338 875 354 875 371 875 388 867 400 854L696 533Z\"><\/path><\/svg><\/p>\n","protected":false},"excerpt":{"rendered":"<p>Gesti\u00f3n de proyectos estrat\u00e9gicos para optimizar climatizaci\u00f3n empresarial y energ\u00eda el\u00e9ctrica con base en ISO 50001Quiero saber m\u00e1sEstrategias especializadas y soluciones para consumo energ\u00e9tico empresarialEficiencia y mejora del consumo para empresas que desean pagar menos energ\u00edaQuiero saber m\u00e1s Previous slide Next slide Climatizaci\u00f3n empresarial Dise\u00f1amos, suministramos, e instalamos aires acondicionados de alta eficiencia para empresas [&hellip;]<\/p>\n","protected":false},"author":2,"featured_media":5517,"parent":0,"menu_order":0,"comment_status":"closed","ping_status":"closed","template":"","meta":{"footnotes":""},"class_list":["post-18537","page","type-page","status-publish","has-post-thumbnail","hentry"],"_links":{"self":[{"href":"https:\/\/skygreen.com.mx\/index.php?rest_route=\/wp\/v2\/pages\/18537","targetHints":{"allow":["GET"]}}],"collection":[{"href":"https:\/\/skygreen.com.mx\/index.php?rest_route=\/wp\/v2\/pages"}],"about":[{"href":"https:\/\/skygreen.com.mx\/index.php?rest_route=\/wp\/v2\/types\/page"}],"author":[{"embeddable":true,"href":"https:\/\/skygreen.com.mx\/index.php?rest_route=\/wp\/v2\/users\/2"}],"replies":[{"embeddable":true,"href":"https:\/\/skygreen.com.mx\/index.php?rest_route=%2Fwp%2Fv2%2Fcomments&post=18537"}],"version-history":[{"count":319,"href":"https:\/\/skygreen.com.mx\/index.php?rest_route=\/wp\/v2\/pages\/18537\/revisions"}],"predecessor-version":[{"id":20258,"href":"https:\/\/skygreen.com.mx\/index.php?rest_route=\/wp\/v2\/pages\/18537\/revisions\/20258"}],"wp:featuredmedia":[{"embeddable":true,"href":"https:\/\/skygreen.com.mx\/index.php?rest_route=\/wp\/v2\/media\/5517"}],"wp:attachment":[{"href":"https:\/\/skygreen.com.mx\/index.php?rest_route=%2Fwp%2Fv2%2Fmedia&parent=18537"}],"curies":[{"name":"wp","href":"https:\/\/api.w.org\/{rel}","templated":true}]}}