{"id":16281,"date":"2022-10-04T17:18:41","date_gmt":"2022-10-04T17:18:41","guid":{"rendered":"https:\/\/skygreen.com.mx\/?page_id=16281"},"modified":"2023-03-21T14:58:15","modified_gmt":"2023-03-21T20:58:15","slug":"consumo-energetico-empresarial","status":"publish","type":"page","link":"https:\/\/skygreen.com.mx\/?page_id=16281","title":{"rendered":"Consumo energ\u00e9tico empresarial"},"content":{"rendered":"<h1>Consumo energ\u00e9tico empresarial<\/h1>\n<p>Normativa y eficiencia energ\u00e9tica para reducir tu factura energ\u00e9tica y mejorar las condiciones de conectividad, continuidad, seguridad de tu insalaci\u00f3n el\u00e9ctrica<\/p>\n<p><a style=\"color: #ffffff;\" href=\"https:\/\/skygreen.com.mx\/codigo-de-red\/\">Conoce m\u00e1s aqu\u00ed\u00a0 \u2197<\/a><\/p>\n<p><strong>Cumple y evita penalizaciones<\/strong>\u00a0a trav\u00e9s de\u00a0<a style=\"color: #ffffff;\" href=\"https:\/\/www.gob.mx\/cre\/es\/articulos\/preguntas-frecuentes-sobre-el-codigo-de-red?idiom=es\">C\u00f3digo de Red<\/a>.<\/p>\n<p>Te acompa\u00f1amos en todo el proceso, desde la inspecci\u00f3n y medici\u00f3n hasta la puesta en marcha del Plan de trabajo y su ejecuci\u00f3n.<\/p>\n<p><a style=\"color: #ffffff;\" href=\"https:\/\/skygreen.com.mx\/checkup-energetico-auditoria-calidad-energia\/\" data-wplink-edit=\"true\">Conoce m\u00e1s aqu\u00ed\u00a0 \u2197<\/a><\/p>\n<p>Identifica \u00e1reas de oportunidad y mejora el consumo energ\u00e9tico empresarial trav\u00e9s del<strong><a style=\"color: #ffffff;\" href=\"https:\/\/skygreen.com.mx\/checkup-energetico-auditoria-calidad-energia\/\"> Checkup energ\u00e9tico<\/a><\/strong>: auditor\u00eda y calidad de energ\u00eda para tu instalaci\u00f3n.<\/p>\n<p><a href=\"https:\/\/skygreen.com.mx\/verificaciones-de-instalaciones\/\" data-wplink-edit=\"true\">Conoce m\u00e1s aqu\u00ed\u00a0 \u2197<\/a><\/p>\n<p>El objetivo es garantizar la seguridad de las instalaciones el\u00e9ctricas. Las UVIEs otorgan un dictamen de verificaci\u00f3n, documento indispensable para efectuar un contrato de servicio de energ\u00eda el\u00e9ctrica con CFE<\/p>\n<p>Conoce m\u00e1s aqu\u00ed\u00a0 \u2197<\/p>\n<p><a style=\"color: #ffffff;\" href=\"https:\/\/www.fide.org.mx\/?page_id=24175\">Sky Green junto con FIDE<\/a>&nbsp;hacen posible, dentro de nuestros proyectos de normativa y eficiencia energ\u00e9tica, el financiamiento de proyectos que permitan la vinculaci\u00f3n de innovaci\u00f3n tecnol\u00f3gica y el ahorro en el consumo energ\u00e9tico.<\/p>\n<p>\t\t\t\t\t\t\t\t\t\t\t\t\t\t\t<img decoding=\"async\" width=\"300\" height=\"210\" src=\"https:\/\/skygreen.com.mx\/wp-content\/uploads\/2021\/02\/FIDE.png\" alt=\"Financiamiento FIDE normativa y eficiencia energ\u00e9tica\" loading=\"lazy\" \/><\/p>\n","protected":false},"excerpt":{"rendered":"<p>Consumo energ\u00e9tico empresarial Normativa y eficiencia energ\u00e9tica para reducir tu factura energ\u00e9tica y mejorar las condiciones de conectividad, continuidad, seguridad de tu insalaci\u00f3n el\u00e9ctrica Conoce m\u00e1s aqu\u00ed\u00a0 \u2197 Cumple y evita penalizaciones\u00a0a trav\u00e9s de\u00a0C\u00f3digo de Red. Te acompa\u00f1amos en todo el proceso, desde la inspecci\u00f3n y medici\u00f3n hasta la puesta en marcha del Plan de [&hellip;]<\/p>\n","protected":false},"author":1,"featured_media":15002,"parent":0,"menu_order":0,"comment_status":"closed","ping_status":"closed","template":"","meta":{"footnotes":""},"class_list":["post-16281","page","type-page","status-publish","has-post-thumbnail","hentry"],"_links":{"self":[{"href":"https:\/\/skygreen.com.mx\/index.php?rest_route=\/wp\/v2\/pages\/16281","targetHints":{"allow":["GET"]}}],"collection":[{"href":"https:\/\/skygreen.com.mx\/index.php?rest_route=\/wp\/v2\/pages"}],"about":[{"href":"https:\/\/skygreen.com.mx\/index.php?rest_route=\/wp\/v2\/types\/page"}],"author":[{"embeddable":true,"href":"https:\/\/skygreen.com.mx\/index.php?rest_route=\/wp\/v2\/users\/1"}],"replies":[{"embeddable":true,"href":"https:\/\/skygreen.com.mx\/index.php?rest_route=%2Fwp%2Fv2%2Fcomments&post=16281"}],"version-history":[{"count":108,"href":"https:\/\/skygreen.com.mx\/index.php?rest_route=\/wp\/v2\/pages\/16281\/revisions"}],"predecessor-version":[{"id":19132,"href":"https:\/\/skygreen.com.mx\/index.php?rest_route=\/wp\/v2\/pages\/16281\/revisions\/19132"}],"wp:featuredmedia":[{"embeddable":true,"href":"https:\/\/skygreen.com.mx\/index.php?rest_route=\/wp\/v2\/media\/15002"}],"wp:attachment":[{"href":"https:\/\/skygreen.com.mx\/index.php?rest_route=%2Fwp%2Fv2%2Fmedia&parent=16281"}],"curies":[{"name":"wp","href":"https:\/\/api.w.org\/{rel}","templated":true}]}}